CRAN Package Check Results for Package SimJoint

Last updated on 2025-05-07 15:49:30 CEST.

Flavor Version Tinstall Tcheck Ttotal Status Flags
r-devel-linux-x86_64-debian-clang 0.3.12 54.85 37.73 92.58 NOTE
r-devel-linux-x86_64-debian-gcc 0.3.12 39.06 31.73 70.79 NOTE
r-devel-linux-x86_64-fedora-clang 0.3.12 160.51 OK
r-devel-linux-x86_64-fedora-gcc 0.3.12 184.29 OK
r-devel-windows-x86_64 0.3.12 59.00 74.00 133.00 OK
r-patched-linux-x86_64 0.3.12 56.79 34.33 91.12 OK
r-release-linux-x86_64 0.3.12 50.85 35.26 86.11 OK
r-release-macos-arm64 0.3.12 58.00 OK
r-release-macos-x86_64 0.3.12 88.00 OK
r-release-windows-x86_64 0.3.12 59.00 77.00 136.00 OK
r-oldrel-macos-arm64 0.3.12 47.00 NOTE
r-oldrel-macos-x86_64 0.3.12 74.00 NOTE
r-oldrel-windows-x86_64 0.3.12 72.00 86.00 158.00 NOTE

Check Details

Version: 0.3.12
Check: CRAN incoming feasibility
Result: NOTE Maintainer: ‘Charlie Wusuo Liu <liuwusuo@gmail.com>’ No Authors@R field in DESCRIPTION. Please add one, modifying Authors@R: person(given = c("Charlie", "Wusuo"), family = "Liu", role = c("aut", "cre"), email = "liuwusuo@gmail.com") as necessary. Flavors: r-devel-linux-x86_64-debian-clang, r-devel-linux-x86_64-debian-gcc

Version: 0.3.12
Check: installed package size
Result: NOTE installed size is 5.8Mb sub-directories of 1Mb or more: libs 5.5Mb Flavors: r-oldrel-macos-arm64, r-oldrel-macos-x86_64

Version: 0.3.12
Check: for GNU extensions in Makefiles
Result: NOTE GNU make is a SystemRequirements. Flavors: r-oldrel-macos-arm64, r-oldrel-macos-x86_64, r-oldrel-windows-x86_64

These binaries (installable software) and packages are in development.
They may not be fully stable and should be used with caution. We make no claims about them.