Last updated on 2025-11-11 15:50:47 CET.
| Flavor | Version | Tinstall | Tcheck | Ttotal | Status | Flags |
|---|---|---|---|---|---|---|
| r-devel-linux-x86_64-debian-clang | 2.0.0 | 17.46 | 117.93 | 135.39 | OK | |
| r-devel-linux-x86_64-debian-gcc | 2.0.0 | 15.26 | 84.95 | 100.21 | OK | |
| r-devel-linux-x86_64-fedora-clang | 2.0.0 | 42.00 | 170.92 | 212.92 | OK | |
| r-devel-linux-x86_64-fedora-gcc | 2.0.0 | 45.00 | 170.45 | 215.45 | OK | |
| r-devel-windows-x86_64 | 2.0.0 | 21.00 | 113.00 | 134.00 | OK | |
| r-patched-linux-x86_64 | 2.0.0 | 16.10 | 109.79 | 125.89 | OK | |
| r-release-linux-x86_64 | 2.0.0 | 18.40 | 110.50 | 128.90 | OK | |
| r-release-macos-arm64 | 2.0.0 | 7.00 | 42.00 | 49.00 | OK | |
| r-release-macos-x86_64 | 2.0.0 | 15.00 | 77.00 | 92.00 | OK | |
| r-release-windows-x86_64 | 2.0.0 | 20.00 | 112.00 | 132.00 | OK | |
| r-oldrel-macos-arm64 | 2.0.0 | 11.00 | 55.00 | 66.00 | NOTE | |
| r-oldrel-macos-x86_64 | 2.0.0 | 18.00 | 74.00 | 92.00 | NOTE | |
| r-oldrel-windows-x86_64 | 2.0.0 | 29.00 | 144.00 | 173.00 | OK |
Version: 2.0.0
Check: installed package size
Result: NOTE
installed size is 5.7Mb
sub-directories of 1Mb or more:
data 5.5Mb
Flavors: r-oldrel-macos-arm64, r-oldrel-macos-x86_64
These binaries (installable software) and packages are in development.
They may not be fully stable and should be used with caution. We make no claims about them.