CRAN Package Check Results for Package SimRDS

Last updated on 2025-05-28 21:50:23 CEST.

Flavor Version Tinstall Tcheck Ttotal Status Flags
r-devel-linux-x86_64-debian-clang 2.0.0 15.53 76.83 92.36 OK
r-devel-linux-x86_64-debian-gcc 2.0.0 11.39 58.77 70.16 OK
r-devel-linux-x86_64-fedora-clang 2.0.0 156.49 OK
r-devel-linux-x86_64-fedora-gcc 2.0.0 141.42 OK
r-devel-windows-x86_64 2.0.0 16.00 87.00 103.00 OK
r-patched-linux-x86_64 2.0.0 14.11 72.95 87.06 OK
r-release-linux-x86_64 2.0.0 14.31 72.16 86.47 OK
r-release-macos-arm64 2.0.0 49.00 OK
r-release-macos-x86_64 2.0.0 92.00 OK
r-release-windows-x86_64 2.0.0 16.00 91.00 107.00 OK
r-oldrel-macos-arm64 2.0.0 66.00 NOTE
r-oldrel-macos-x86_64 2.0.0 92.00 NOTE
r-oldrel-windows-x86_64 2.0.0 22.00 111.00 133.00 OK

Check Details

Version: 2.0.0
Check: installed package size
Result: NOTE installed size is 5.7Mb sub-directories of 1Mb or more: data 5.5Mb Flavors: r-oldrel-macos-arm64, r-oldrel-macos-x86_64

These binaries (installable software) and packages are in development.
They may not be fully stable and should be used with caution. We make no claims about them.