CRAN Package Check Results for Package SimSurvNMarker

Last updated on 2025-07-25 01:49:40 CEST.

Flavor Version Tinstall Tcheck Ttotal Status Flags
r-devel-linux-x86_64-debian-clang 0.1.3 36.57 33.80 70.37 NOTE
r-devel-linux-x86_64-debian-gcc 0.1.3 23.30 26.78 50.08 NOTE
r-devel-linux-x86_64-fedora-clang 0.1.3 132.87 NOTE
r-devel-linux-x86_64-fedora-gcc 0.1.3 123.38 NOTE
r-devel-windows-x86_64 0.1.3 45.00 81.00 126.00 NOTE
r-patched-linux-x86_64 0.1.3 36.07 32.38 68.45 NOTE
r-release-linux-x86_64 0.1.3 34.93 32.00 66.93 NOTE
r-release-macos-arm64 0.1.3 51.00 NOTE
r-release-macos-x86_64 0.1.3 64.00 NOTE
r-release-windows-x86_64 0.1.3 43.00 79.00 122.00 NOTE
r-oldrel-macos-arm64 0.1.3 42.00 NOTE
r-oldrel-macos-x86_64 0.1.3 58.00 NOTE
r-oldrel-windows-x86_64 0.1.3 52.00 95.00 147.00 NOTE

Check Details

Version: 0.1.3
Check: C++ specification
Result: NOTE Specified C++14: please drop specification unless essential Flavors: r-devel-linux-x86_64-debian-clang, r-devel-linux-x86_64-debian-gcc, r-devel-linux-x86_64-fedora-clang, r-devel-linux-x86_64-fedora-gcc, r-devel-windows-x86_64, r-patched-linux-x86_64, r-release-linux-x86_64, r-release-macos-arm64, r-release-macos-x86_64, r-release-windows-x86_64, r-oldrel-macos-arm64, r-oldrel-macos-x86_64, r-oldrel-windows-x86_64

These binaries (installable software) and packages are in development.
They may not be fully stable and should be used with caution. We make no claims about them.