Last updated on 2025-10-03 17:48:47 CEST.
Flavor | Version | Tinstall | Tcheck | Ttotal | Status | Flags |
---|---|---|---|---|---|---|
r-devel-linux-x86_64-debian-clang | 1.0.2 | 29.74 | 291.35 | 321.09 | OK | |
r-devel-linux-x86_64-debian-gcc | 1.0.2 | 23.45 | 166.31 | 189.76 | OK | |
r-devel-linux-x86_64-fedora-clang | 1.0.2 | 522.91 | OK | |||
r-devel-linux-x86_64-fedora-gcc | 1.0.2 | 562.04 | OK | |||
r-devel-windows-x86_64 | 1.0.2 | 42.00 | 309.00 | 351.00 | OK | |
r-patched-linux-x86_64 | 1.0.2 | 33.81 | 261.54 | 295.35 | OK | |
r-release-linux-x86_64 | 1.0.2 | 35.01 | 265.15 | 300.16 | OK | |
r-release-macos-arm64 | 1.0.2 | 117.00 | OK | |||
r-release-macos-x86_64 | 1.0.2 | 256.00 | OK | |||
r-release-windows-x86_64 | 1.0.2 | 39.00 | 249.00 | 288.00 | OK | |
r-oldrel-macos-arm64 | 1.0.2 | 109.00 | NOTE | |||
r-oldrel-macos-x86_64 | 1.0.2 | 301.00 | NOTE | |||
r-oldrel-windows-x86_64 | 1.0.2 | 45.00 | 337.00 | 382.00 | OK |
Version: 1.0.2
Check: installed package size
Result: NOTE
installed size is 5.7Mb
sub-directories of 1Mb or more:
libs 4.9Mb
Flavors: r-oldrel-macos-arm64, r-oldrel-macos-x86_64
These binaries (installable software) and packages are in development.
They may not be fully stable and should be used with caution. We make no claims about them.