CRAN Package Check Results for Package SimTOST

Last updated on 2025-05-08 04:52:19 CEST.

Flavor Version Tinstall Tcheck Ttotal Status Flags
r-devel-linux-x86_64-debian-clang 1.0.2 30.17 258.97 289.14 OK
r-devel-linux-x86_64-debian-gcc 1.0.2 23.51 143.79 167.30 OK
r-devel-linux-x86_64-fedora-clang 1.0.2 472.18 OK
r-devel-linux-x86_64-fedora-gcc 1.0.2 483.48 OK
r-devel-windows-x86_64 1.0.2 38.00 251.00 289.00 OK
r-patched-linux-x86_64 1.0.2 37.39 234.77 272.16 OK
r-release-linux-x86_64 1.0.2 32.41 236.92 269.33 OK
r-release-macos-arm64 1.0.2 117.00 OK
r-release-macos-x86_64 1.0.2 256.00 OK
r-release-windows-x86_64 1.0.2 38.00 247.00 285.00 OK
r-oldrel-macos-arm64 1.0.2 109.00 NOTE
r-oldrel-macos-x86_64 1.0.2 301.00 NOTE
r-oldrel-windows-x86_64 1.0.2 45.00 333.00 378.00 OK

Check Details

Version: 1.0.2
Check: installed package size
Result: NOTE installed size is 5.7Mb sub-directories of 1Mb or more: libs 4.9Mb Flavors: r-oldrel-macos-arm64, r-oldrel-macos-x86_64

These binaries (installable software) and packages are in development.
They may not be fully stable and should be used with caution. We make no claims about them.