Last updated on 2025-02-16 10:50:58 CET.
Flavor | Version | Tinstall | Tcheck | Ttotal | Status | Flags |
---|---|---|---|---|---|---|
r-devel-linux-x86_64-debian-clang | 1.0.0 | 3.71 | 30.87 | 34.58 | NOTE | |
r-devel-linux-x86_64-debian-gcc | 1.0.0 | 2.24 | 23.62 | 25.86 | NOTE | |
r-devel-linux-x86_64-fedora-clang | 1.0.0 | 56.72 | NOTE | |||
r-devel-linux-x86_64-fedora-gcc | 1.0.0 | 51.23 | NOTE | |||
r-devel-macos-arm64 | 1.0.0 | 23.00 | NOTE | |||
r-devel-macos-x86_64 | 1.0.0 | 35.00 | NOTE | |||
r-devel-windows-x86_64 | 1.0.0 | 6.00 | 56.00 | 62.00 | NOTE | |
r-patched-linux-x86_64 | 1.0.0 | 3.78 | 29.14 | 32.92 | NOTE | |
r-release-linux-x86_64 | 1.0.0 | 3.08 | 29.47 | 32.55 | NOTE | |
r-release-macos-arm64 | 1.0.0 | 22.00 | NOTE | |||
r-release-macos-x86_64 | 1.0.0 | 28.00 | NOTE | |||
r-release-windows-x86_64 | 1.0.0 | 6.00 | 53.00 | 59.00 | NOTE | |
r-oldrel-macos-arm64 | 1.0.0 | 23.00 | OK | |||
r-oldrel-macos-x86_64 | 1.0.0 | 29.00 | OK | |||
r-oldrel-windows-x86_64 | 1.0.0 | 6.00 | 81.00 | 87.00 | OK |
Version: 1.0.0
Check: Rd files
Result: NOTE
checkRd: (-1) make_one_dataset.Rd:67: Lost braces; missing escapes or markup?
67 | \code{within.SD} to be extremely small (e.g., $1 * 10^{-7}$) and all corresponding correlations in matrix
| ^
Flavors: r-devel-linux-x86_64-debian-clang, r-devel-linux-x86_64-debian-gcc, r-devel-linux-x86_64-fedora-clang, r-devel-linux-x86_64-fedora-gcc, r-devel-macos-arm64, r-devel-macos-x86_64, r-devel-windows-x86_64, r-patched-linux-x86_64, r-release-linux-x86_64, r-release-macos-arm64, r-release-macos-x86_64, r-release-windows-x86_64
Version: 1.0.0
Check: dependencies in R code
Result: NOTE
Namespace in Imports field not imported from: ‘metafor’
All declared Imports should be used.
Flavors: r-devel-linux-x86_64-fedora-clang, r-devel-linux-x86_64-fedora-gcc
These binaries (installable software) and packages are in development.
They may not be fully stable and should be used with caution. We make no claims about them.