CRAN Package Check Results for Package SimVitD

Last updated on 2025-05-01 17:56:16 CEST.

Flavor Version Tinstall Tcheck Ttotal Status Flags
r-devel-linux-x86_64-debian-clang 1.0.3 3.15 33.72 36.87 NOTE
r-devel-linux-x86_64-debian-gcc 1.0.3 2.13 25.52 27.65 OK
r-devel-linux-x86_64-fedora-clang 1.0.3 57.88 OK
r-devel-linux-x86_64-fedora-gcc 1.0.3 70.31 OK
r-devel-windows-x86_64 1.0.3 4.00 71.00 75.00 OK
r-patched-linux-x86_64 1.0.3 2.98 31.94 34.92 OK
r-release-linux-x86_64 OK
r-release-macos-arm64 1.0.3 29.00 OK
r-release-macos-x86_64 1.0.3 54.00 OK
r-release-windows-x86_64 1.0.3 5.00 77.00 82.00 OK
r-oldrel-macos-arm64 1.0.3 25.00 OK
r-oldrel-macos-x86_64 1.0.3 40.00 OK
r-oldrel-windows-x86_64 1.0.3 6.00 68.00 74.00 OK

Check Details

Version: 1.0.3
Check: examples
Result: NOTE Examples with CPU (user + system) or elapsed time > 5s user system elapsed power.calc 5.07 0.004 5.8 Flavor: r-devel-linux-x86_64-debian-clang

These binaries (installable software) and packages are in development.
They may not be fully stable and should be used with caution. We make no claims about them.