Last updated on 2025-10-23 11:50:28 CEST.
Flavor | Version | Tinstall | Tcheck | Ttotal | Status | Flags |
---|---|---|---|---|---|---|
r-devel-linux-x86_64-debian-clang | 0.7.3 | 5.84 | 77.59 | 83.43 | NOTE | |
r-devel-linux-x86_64-debian-gcc | 0.7.3 | 4.03 | 55.97 | 60.00 | NOTE | |
r-devel-linux-x86_64-fedora-clang | 0.7.3 | 16.00 | 115.79 | 131.79 | NOTE | |
r-devel-linux-x86_64-fedora-gcc | 0.7.3 | 13.00 | 133.61 | 146.61 | NOTE | |
r-devel-windows-x86_64 | 0.7.3 | 8.00 | 96.00 | 104.00 | NOTE | |
r-patched-linux-x86_64 | 0.7.3 | 6.27 | 73.53 | 79.80 | NOTE | |
r-release-linux-x86_64 | 0.7.3 | 5.92 | 73.05 | 78.97 | NOTE | |
r-release-macos-arm64 | 0.7.3 | 3.00 | 50.00 | 53.00 | NOTE | |
r-release-macos-x86_64 | 0.7.3 | 5.00 | 95.00 | 100.00 | NOTE | |
r-release-windows-x86_64 | 0.7.3 | 8.00 | 95.00 | 103.00 | NOTE | |
r-oldrel-macos-arm64 | 0.7.3 | 3.00 | 46.00 | 49.00 | OK | |
r-oldrel-macos-x86_64 | 0.7.3 | 6.00 | 100.00 | 106.00 | OK | |
r-oldrel-windows-x86_64 | 0.7.3 | 11.00 | 120.00 | 131.00 | OK |
Version: 0.7.3
Check: DESCRIPTION meta-information
Result: NOTE
Missing dependency on R >= 4.1.0 because package code uses the pipe
|> or function shorthand \(...) syntax added in R 4.1.0.
File(s) using such syntax:
‘calculate-effect-sizes.R’
Flavors: r-devel-linux-x86_64-debian-clang, r-devel-linux-x86_64-debian-gcc, r-devel-linux-x86_64-fedora-clang, r-devel-linux-x86_64-fedora-gcc, r-devel-windows-x86_64, r-patched-linux-x86_64, r-release-linux-x86_64, r-release-macos-arm64, r-release-macos-x86_64, r-release-windows-x86_64
Version: 0.7.3
Check: HTML version of manual
Result: NOTE
Found the following HTML validation problems:
SCD_effect_sizes.html:48:1 (SCD_effect_sizes.Rd:11): Warning: missing </ul> before </div>
Flavor: r-devel-linux-x86_64-debian-clang
These binaries (installable software) and packages are in development.
They may not be fully stable and should be used with caution. We make no claims about them.