Last updated on 2025-05-01 12:49:41 CEST.
Flavor | Version | Tinstall | Tcheck | Ttotal | Status | Flags |
---|---|---|---|---|---|---|
r-devel-linux-x86_64-debian-clang | 0.7.3 | 6.05 | 75.82 | 81.87 | NOTE | |
r-devel-linux-x86_64-debian-gcc | 0.7.3 | 4.22 | 55.29 | 59.51 | NOTE | |
r-devel-linux-x86_64-fedora-clang | 0.7.3 | 126.76 | NOTE | |||
r-devel-linux-x86_64-fedora-gcc | 0.7.3 | 140.00 | NOTE | |||
r-devel-windows-x86_64 | 0.7.3 | 8.00 | 96.00 | 104.00 | NOTE | |
r-patched-linux-x86_64 | 0.7.3 | 6.96 | 70.75 | 77.71 | NOTE | |
r-release-linux-x86_64 | NOTE | |||||
r-release-macos-arm64 | 0.7.3 | 53.00 | NOTE | |||
r-release-macos-x86_64 | 0.7.3 | 100.00 | NOTE | |||
r-release-windows-x86_64 | 0.7.3 | 8.00 | 97.00 | 105.00 | NOTE | |
r-oldrel-macos-arm64 | 0.7.3 | 49.00 | OK | |||
r-oldrel-macos-x86_64 | 0.7.3 | 106.00 | OK | |||
r-oldrel-windows-x86_64 | 0.7.3 | 10.00 | 117.00 | 127.00 | OK |
Version: 0.7.3
Check: DESCRIPTION meta-information
Result: NOTE
Missing dependency on R >= 4.1.0 because package code uses the pipe
|> or function shorthand \(...) syntax added in R 4.1.0.
File(s) using such syntax:
‘calculate-effect-sizes.R’
Flavors: r-devel-linux-x86_64-debian-clang, r-devel-linux-x86_64-debian-gcc, r-devel-linux-x86_64-fedora-clang, r-devel-linux-x86_64-fedora-gcc, r-devel-windows-x86_64, r-patched-linux-x86_64, r-release-linux-x86_64, r-release-macos-arm64, r-release-macos-x86_64, r-release-windows-x86_64
These binaries (installable software) and packages are in development.
They may not be fully stable and should be used with caution. We make no claims about them.