Last updated on 2025-10-23 17:51:03 CEST.
Flavor | Version | Tinstall | Tcheck | Ttotal | Status | Flags |
---|---|---|---|---|---|---|
r-devel-linux-x86_64-debian-clang | 0.3.1 | 54.36 | 62.34 | 116.70 | OK | |
r-devel-linux-x86_64-debian-gcc | 0.3.1 | 37.87 | 47.30 | 85.17 | OK | |
r-devel-linux-x86_64-fedora-clang | 0.3.1 | 205.00 | -15.28 | 189.72 | NOTE | |
r-devel-linux-x86_64-fedora-gcc | 0.3.1 | 117.00 | 67.57 | 184.57 | NOTE | |
r-devel-windows-x86_64 | 0.3.1 | 50.00 | 70.00 | 120.00 | OK | |
r-patched-linux-x86_64 | 0.3.1 | 52.22 | 59.25 | 111.47 | OK | |
r-release-linux-x86_64 | 0.3.1 | 53.51 | 58.61 | 112.12 | OK | |
r-release-macos-arm64 | 0.3.1 | 36.00 | 31.00 | 67.00 | OK | |
r-release-macos-x86_64 | 0.3.1 | 68.00 | 92.00 | 160.00 | OK | |
r-release-windows-x86_64 | 0.3.1 | 51.00 | 73.00 | 124.00 | OK | |
r-oldrel-macos-arm64 | 0.3.1 | 38.00 | 34.00 | 72.00 | OK | |
r-oldrel-macos-x86_64 | 0.3.1 | 60.00 | 42.00 | 102.00 | OK | |
r-oldrel-windows-x86_64 | 0.3.1 | 69.00 | 91.00 | 160.00 | OK |
Version: 0.3.1
Check: dependencies in R code
Result: NOTE
Namespace in Imports field not imported from: ‘vegan’
All declared Imports should be used.
Flavors: r-devel-linux-x86_64-fedora-clang, r-devel-linux-x86_64-fedora-gcc
These binaries (installable software) and packages are in development.
They may not be fully stable and should be used with caution. We make no claims about them.