CRAN Package Check Results for Package Skillings.Mack

Last updated on 2025-10-04 11:50:49 CEST.

Flavor Version Tinstall Tcheck Ttotal Status Flags
r-devel-linux-x86_64-debian-clang 1.10 1.73 22.38 24.11 NOTE
r-devel-linux-x86_64-debian-gcc 1.10 1.40 17.83 19.23 NOTE
r-devel-linux-x86_64-fedora-clang 1.10 35.96 OK
r-devel-linux-x86_64-fedora-gcc 1.10 33.44 OK
r-devel-windows-x86_64 1.10 2.00 41.00 43.00 OK
r-patched-linux-x86_64 1.10 1.88 20.98 22.86 OK
r-release-linux-x86_64 1.10 1.64 20.81 22.45 OK
r-release-macos-arm64 1.10 17.00 OK
r-release-macos-x86_64 1.10 29.00 OK
r-release-windows-x86_64 1.10 3.00 41.00 44.00 OK
r-oldrel-macos-arm64 1.10 16.00 OK
r-oldrel-macos-x86_64 1.10 29.00 OK
r-oldrel-windows-x86_64 1.10 4.00 44.00 48.00 OK

Check Details

Version: 1.10
Check: CRAN incoming feasibility
Result: NOTE Maintainer: ‘Patchanok Srisuradetchai <s.patchanok@gmail.com>’ No Authors@R field in DESCRIPTION. Please add one, modifying Authors@R: person(given = "Patchanok", family = "Srisuradetchai", role = c("aut", "cre"), email = "s.patchanok@gmail.com") as necessary. Found the following \keyword or \concept entries which likely give several index terms: File ‘Ski.Mack.Rd’: \keyword{block designs, missing values} Flavors: r-devel-linux-x86_64-debian-clang, r-devel-linux-x86_64-debian-gcc

These binaries (installable software) and packages are in development.
They may not be fully stable and should be used with caution. We make no claims about them.