Last updated on 2025-10-03 05:53:53 CEST.
Flavor | Version | Tinstall | Tcheck | Ttotal | Status | Flags |
---|---|---|---|---|---|---|
r-devel-linux-x86_64-debian-clang | 0.2.0 | 7.97 | 64.73 | 72.70 | NOTE | |
r-devel-linux-x86_64-debian-gcc | 0.2.0 | 6.56 | 48.76 | 55.32 | NOTE | |
r-devel-linux-x86_64-fedora-clang | 0.2.0 | 112.34 | OK | |||
r-devel-linux-x86_64-fedora-gcc | 0.2.0 | 106.34 | OK | |||
r-devel-windows-x86_64 | 0.2.0 | 10.00 | 75.00 | 85.00 | OK | |
r-patched-linux-x86_64 | 0.2.0 | 8.61 | 61.79 | 70.40 | OK | |
r-release-linux-x86_64 | 0.2.0 | 8.51 | 61.46 | 69.97 | OK | |
r-release-macos-arm64 | 0.2.0 | 37.00 | OK | |||
r-release-macos-x86_64 | 0.2.0 | 67.00 | OK | |||
r-release-windows-x86_64 | 0.2.0 | 11.00 | 74.00 | 85.00 | OK | |
r-oldrel-macos-arm64 | 0.2.0 | 33.00 | OK | |||
r-oldrel-macos-x86_64 | 0.2.0 | 51.00 | OK | |||
r-oldrel-windows-x86_64 | 0.2.0 | 12.00 | 92.00 | 104.00 | OK |
Version: 0.2.0
Check: CRAN incoming feasibility
Result: NOTE
Maintainer: ‘Everaldo Freitas Guedes <efgestatistico@gmail.com>’
The BugReports field in DESCRIPTION has
https://github.com/efguedes/SlidingWindows
which should likely be
https://github.com/efguedes/SlidingWindows/issues
instead.
Flavors: r-devel-linux-x86_64-debian-clang, r-devel-linux-x86_64-debian-gcc
These binaries (installable software) and packages are in development.
They may not be fully stable and should be used with caution. We make no claims about them.