Last updated on 2025-11-12 19:52:04 CET.
| Flavor | Version | Tinstall | Tcheck | Ttotal | Status | Flags |
|---|---|---|---|---|---|---|
| r-devel-linux-x86_64-debian-clang | 0.2.0 | 8.35 | 65.35 | 73.70 | NOTE | |
| r-devel-linux-x86_64-debian-gcc | 0.2.0 | 5.75 | 48.44 | 54.19 | NOTE | |
| r-devel-linux-x86_64-fedora-clang | 0.2.0 | 20.00 | 90.04 | 110.04 | OK | |
| r-devel-linux-x86_64-fedora-gcc | 0.2.0 | 19.00 | 89.01 | 108.01 | OK | |
| r-devel-windows-x86_64 | 0.2.0 | 10.00 | 74.00 | 84.00 | OK | |
| r-patched-linux-x86_64 | 0.2.0 | 8.35 | 62.68 | 71.03 | OK | |
| r-release-linux-x86_64 | 0.2.0 | 7.56 | 61.84 | 69.40 | OK | |
| r-release-macos-arm64 | 0.2.0 | 5.00 | 32.00 | 37.00 | OK | |
| r-release-macos-x86_64 | 0.2.0 | 9.00 | 58.00 | 67.00 | OK | |
| r-release-windows-x86_64 | 0.2.0 | 9.00 | 71.00 | 80.00 | OK | |
| r-oldrel-macos-arm64 | 0.2.0 | 5.00 | 28.00 | 33.00 | OK | |
| r-oldrel-macos-x86_64 | 0.2.0 | 6.00 | 45.00 | 51.00 | OK | |
| r-oldrel-windows-x86_64 | 0.2.0 | 12.00 | 89.00 | 101.00 | OK |
Version: 0.2.0
Check: CRAN incoming feasibility
Result: NOTE
Maintainer: ‘Everaldo Freitas Guedes <efgestatistico@gmail.com>’
The BugReports field in DESCRIPTION has
https://github.com/efguedes/SlidingWindows
which should likely be
https://github.com/efguedes/SlidingWindows/issues
instead.
Flavors: r-devel-linux-x86_64-debian-clang, r-devel-linux-x86_64-debian-gcc
These binaries (installable software) and packages are in development.
They may not be fully stable and should be used with caution. We make no claims about them.