CRAN Package Check Results for Package SmartEDA

Last updated on 2025-10-23 17:51:03 CEST.

Flavor Version Tinstall Tcheck Ttotal Status Flags
r-devel-linux-x86_64-debian-clang 0.3.10 9.10 194.80 203.90 OK
r-devel-linux-x86_64-debian-gcc 0.3.10 7.13 131.34 138.47 OK
r-devel-linux-x86_64-fedora-clang 0.3.10 27.00 277.62 304.62 NOTE
r-devel-linux-x86_64-fedora-gcc 0.3.10 23.00 288.20 311.20 NOTE
r-devel-windows-x86_64 0.3.10 11.00 164.00 175.00 OK
r-patched-linux-x86_64 0.3.10 9.67 181.26 190.93 OK
r-release-linux-x86_64 0.3.10 8.41 177.82 186.23 OK
r-release-macos-arm64 0.3.10 4.00 67.00 71.00 OK
r-release-macos-x86_64 0.3.10 7.00 118.00 125.00 OK
r-release-windows-x86_64 0.3.10 11.00 163.00 174.00 OK
r-oldrel-macos-arm64 0.3.10 3.00 58.00 61.00 OK
r-oldrel-macos-x86_64 0.3.10 6.00 107.00 113.00 OK
r-oldrel-windows-x86_64 0.3.10 14.00 223.00 237.00 OK

Check Details

Version: 0.3.10
Check: dependencies in R code
Result: NOTE Namespace in Imports field not imported from: ‘qpdf’ All declared Imports should be used. Flavors: r-devel-linux-x86_64-fedora-clang, r-devel-linux-x86_64-fedora-gcc

These binaries (installable software) and packages are in development.
They may not be fully stable and should be used with caution. We make no claims about them.