Last updated on 2025-05-01 15:49:45 CEST.
Flavor | Version | Tinstall | Tcheck | Ttotal | Status | Flags |
---|---|---|---|---|---|---|
r-devel-linux-x86_64-debian-clang | 0.3.10 | 9.85 | 162.00 | 171.85 | NOTE | |
r-devel-linux-x86_64-debian-gcc | 0.3.10 | 6.07 | 112.91 | 118.98 | OK | |
r-devel-linux-x86_64-fedora-clang | 0.3.10 | 251.75 | NOTE | |||
r-devel-linux-x86_64-fedora-gcc | 0.3.10 | 261.88 | NOTE | |||
r-devel-windows-x86_64 | 0.3.10 | 12.00 | 144.00 | 156.00 | OK | |
r-patched-linux-x86_64 | 0.3.10 | 9.91 | 149.17 | 159.08 | OK | |
r-release-linux-x86_64 | OK | |||||
r-release-macos-arm64 | 0.3.10 | 71.00 | OK | |||
r-release-macos-x86_64 | 0.3.10 | 125.00 | OK | |||
r-release-windows-x86_64 | 0.3.10 | 11.00 | 148.00 | 159.00 | OK | |
r-oldrel-macos-arm64 | 0.3.10 | 61.00 | OK | |||
r-oldrel-macos-x86_64 | 0.3.10 | 113.00 | OK | |||
r-oldrel-windows-x86_64 | 0.3.10 | 15.00 | 189.00 | 204.00 | OK |
Version: 0.3.10
Check: examples
Result: NOTE
Examples with CPU (user + system) or elapsed time > 5s
user system elapsed
ExpCatViz 5.908 0.086 7.496
ExpTwoPlots 3.660 0.003 5.388
Flavor: r-devel-linux-x86_64-debian-clang
Version: 0.3.10
Check: dependencies in R code
Result: NOTE
Namespace in Imports field not imported from: ‘qpdf’
All declared Imports should be used.
Flavors: r-devel-linux-x86_64-fedora-clang, r-devel-linux-x86_64-fedora-gcc
These binaries (installable software) and packages are in development.
They may not be fully stable and should be used with caution. We make no claims about them.