CRAN Package Check Results for Package SmartEDA

Last updated on 2025-11-13 17:50:49 CET.

Flavor Version Tinstall Tcheck Ttotal Status Flags
r-devel-linux-x86_64-debian-clang 0.3.10 10.66 196.24 206.90 OK
r-devel-linux-x86_64-debian-gcc 0.3.10 6.88 134.03 140.91 OK
r-devel-linux-x86_64-fedora-clang 0.3.10 23.00 278.56 301.56 NOTE
r-devel-linux-x86_64-fedora-gcc 0.3.10 22.00 283.97 305.97 NOTE
r-devel-windows-x86_64 0.3.10 11.00 162.00 173.00 OK
r-patched-linux-x86_64 0.3.10 7.35 179.76 187.11 OK
r-release-linux-x86_64 0.3.10 9.57 180.19 189.76 OK
r-release-macos-arm64 0.3.10 4.00 67.00 71.00 OK
r-release-macos-x86_64 0.3.10 7.00 118.00 125.00 OK
r-release-windows-x86_64 0.3.10 11.00 158.00 169.00 OK
r-oldrel-macos-arm64 0.3.10 3.00 58.00 61.00 OK
r-oldrel-macos-x86_64 0.3.10 6.00 107.00 113.00 OK
r-oldrel-windows-x86_64 0.3.10 15.00 220.00 235.00 OK

Check Details

Version: 0.3.10
Check: dependencies in R code
Result: NOTE Namespace in Imports field not imported from: ‘qpdf’ All declared Imports should be used. Flavors: r-devel-linux-x86_64-fedora-clang, r-devel-linux-x86_64-fedora-gcc

These binaries (installable software) and packages are in development.
They may not be fully stable and should be used with caution. We make no claims about them.