CRAN Package Check Results for Package SmarterPoland

Last updated on 2025-10-23 21:51:41 CEST.

Flavor Version Tinstall Tcheck Ttotal Status Flags
r-devel-linux-x86_64-debian-clang 1.8.1 59.11 64.59 123.70 NOTE
r-devel-linux-x86_64-debian-gcc 1.8.1 42.31 47.34 89.65 NOTE
r-devel-linux-x86_64-fedora-clang 1.8.1 149.00 44.25 193.25 NOTE
r-devel-linux-x86_64-fedora-gcc 1.8.1 132.00 57.58 189.58 NOTE
r-devel-windows-x86_64 1.8.1 57.00 75.00 132.00 NOTE
r-patched-linux-x86_64 1.8.1 57.08 60.90 117.98 NOTE
r-release-linux-x86_64 1.8.1 58.43 60.68 119.11 NOTE
r-release-macos-arm64 1.8.1 37.00 26.00 63.00 NOTE
r-release-macos-x86_64 1.8.1 58.00 47.00 105.00 NOTE
r-release-windows-x86_64 1.8.1 58.00 75.00 133.00 NOTE
r-oldrel-macos-arm64 1.8.1 37.00 25.00 62.00 NOTE
r-oldrel-macos-x86_64 1.8.1 46.00 39.00 85.00 NOTE
r-oldrel-windows-x86_64 1.8.1 79.00 93.00 172.00 NOTE

Check Details

Version: 1.8.1
Check: CRAN incoming feasibility
Result: NOTE Maintainer: ‘Przemyslaw Biecek <przemyslaw.biecek@gmail.com>’ No Authors@R field in DESCRIPTION. Please add one, modifying Authors@R: person(given = "Przemyslaw", family = "Biecek", role = c("aut", "cre"), email = "przemyslaw.biecek@gmail.com") as necessary. Flavors: r-devel-linux-x86_64-debian-clang, r-devel-linux-x86_64-debian-gcc

Version: 1.8.1
Check: Rd files
Result: NOTE checkRd: (-1) cities_lon_lat.Rd:6: Lost braces 6 | A subset of world.cities{maps}. Extracted in order to shink number of dependencies. | ^ Flavors: r-devel-linux-x86_64-debian-clang, r-devel-linux-x86_64-debian-gcc, r-devel-linux-x86_64-fedora-clang, r-devel-linux-x86_64-fedora-gcc, r-devel-windows-x86_64, r-patched-linux-x86_64, r-release-linux-x86_64, r-release-macos-arm64, r-release-macos-x86_64, r-release-windows-x86_64, r-oldrel-macos-arm64, r-oldrel-macos-x86_64, r-oldrel-windows-x86_64

Version: 1.8.1
Check: installed package size
Result: NOTE installed size is 5.3Mb sub-directories of 1Mb or more: data 5.1Mb Flavors: r-oldrel-macos-arm64, r-oldrel-macos-x86_64

These binaries (installable software) and packages are in development.
They may not be fully stable and should be used with caution. We make no claims about them.