Last updated on 2025-02-19 16:51:05 CET.
Flavor | Version | Tinstall | Tcheck | Ttotal | Status | Flags |
---|---|---|---|---|---|---|
r-devel-linux-x86_64-debian-clang | 1.8.1 | 58.57 | 49.56 | 108.13 | NOTE | |
r-devel-linux-x86_64-debian-gcc | 1.8.1 | 41.73 | 36.72 | 78.45 | NOTE | |
r-devel-linux-x86_64-fedora-clang | 1.8.1 | 180.29 | NOTE | |||
r-devel-linux-x86_64-fedora-gcc | 1.8.1 | 170.82 | NOTE | |||
r-devel-macos-arm64 | 1.8.1 | 65.00 | NOTE | |||
r-devel-macos-x86_64 | 1.8.1 | 116.00 | NOTE | |||
r-devel-windows-x86_64 | 1.8.1 | 58.00 | 67.00 | 125.00 | NOTE | |
r-patched-linux-x86_64 | 1.8.1 | 55.84 | 46.90 | 102.74 | NOTE | |
r-release-linux-x86_64 | 1.8.1 | 62.17 | 46.64 | 108.81 | NOTE | |
r-release-macos-arm64 | 1.8.1 | 62.00 | NOTE | |||
r-release-macos-x86_64 | 1.8.1 | 85.00 | NOTE | |||
r-release-windows-x86_64 | 1.8.1 | 58.00 | 3.00 | 61.00 | FAIL | |
r-oldrel-macos-arm64 | 1.8.1 | 69.00 | NOTE | |||
r-oldrel-macos-x86_64 | 1.8.1 | 127.00 | NOTE | |||
r-oldrel-windows-x86_64 | 1.8.1 | 76.00 | 79.00 | 155.00 | OK |
Version: 1.8.1
Check: Rd files
Result: NOTE
checkRd: (-1) cities_lon_lat.Rd:6: Lost braces
6 | A subset of world.cities{maps}. Extracted in order to shink number of dependencies.
| ^
Flavors: r-devel-linux-x86_64-debian-clang, r-devel-linux-x86_64-debian-gcc, r-devel-linux-x86_64-fedora-clang, r-devel-linux-x86_64-fedora-gcc, r-devel-macos-arm64, r-devel-macos-x86_64, r-devel-windows-x86_64, r-patched-linux-x86_64, r-release-linux-x86_64, r-release-macos-arm64, r-release-macos-x86_64
Version: 1.8.1
Check: installed package size
Result: NOTE
installed size is 5.3Mb
sub-directories of 1Mb or more:
data 5.1Mb
Flavors: r-release-macos-arm64, r-release-macos-x86_64, r-oldrel-macos-arm64, r-oldrel-macos-x86_64
Version: 1.8.1
Check: package dependencies
Result: FAIL
Flavor: r-release-windows-x86_64
These binaries (installable software) and packages are in development.
They may not be fully stable and should be used with caution. We make no claims about them.