Last updated on 2025-02-16 10:50:59 CET.
Flavor | Version | Tinstall | Tcheck | Ttotal | Status | Flags |
---|---|---|---|---|---|---|
r-devel-linux-x86_64-debian-clang | 3.0.0 | 2.81 | 34.37 | 37.18 | NOTE | |
r-devel-linux-x86_64-debian-gcc | 3.0.0 | 1.83 | 25.86 | 27.69 | NOTE | |
r-devel-linux-x86_64-fedora-clang | 3.0.0 | 61.10 | NOTE | |||
r-devel-linux-x86_64-fedora-gcc | 3.0.0 | 55.75 | NOTE | |||
r-devel-macos-arm64 | 3.0.0 | 22.00 | NOTE | |||
r-devel-macos-x86_64 | 3.0.0 | 38.00 | NOTE | |||
r-devel-windows-x86_64 | 3.0.0 | 5.00 | 67.00 | 72.00 | NOTE | |
r-patched-linux-x86_64 | 3.0.0 | 2.85 | 32.16 | 35.01 | NOTE | |
r-release-linux-x86_64 | 3.0.0 | 2.55 | 32.50 | 35.05 | NOTE | |
r-release-macos-arm64 | 3.0.0 | 22.00 | NOTE | |||
r-release-macos-x86_64 | 3.0.0 | 31.00 | NOTE | |||
r-release-windows-x86_64 | 3.0.0 | 4.00 | 62.00 | 66.00 | NOTE | |
r-oldrel-macos-arm64 | 3.0.0 | 24.00 | NOTE | |||
r-oldrel-macos-x86_64 | 3.0.0 | 31.00 | NOTE | |||
r-oldrel-windows-x86_64 | 3.0.0 | 5.00 | 63.00 | 68.00 | NOTE |
Version: 3.0.0
Check: dependencies in R code
Result: NOTE
There are ::: calls to the package's namespace in its code. A package
almost never needs to use ::: for its own objects:
‘lseq’
Flavors: r-devel-linux-x86_64-debian-clang, r-devel-linux-x86_64-debian-gcc, r-devel-macos-arm64, r-devel-macos-x86_64, r-devel-windows-x86_64, r-patched-linux-x86_64, r-release-linux-x86_64, r-release-macos-arm64, r-release-macos-x86_64, r-release-windows-x86_64, r-oldrel-macos-arm64, r-oldrel-macos-x86_64, r-oldrel-windows-x86_64
Version: 3.0.0
Check: dependencies in R code
Result: NOTE
Namespace in Imports field not imported from: ‘nlme’
All declared Imports should be used.
There are ::: calls to the package's namespace in its code. A package
almost never needs to use ::: for its own objects:
‘lseq’
Flavors: r-devel-linux-x86_64-fedora-clang, r-devel-linux-x86_64-fedora-gcc
These binaries (installable software) and packages are in development.
They may not be fully stable and should be used with caution. We make no claims about them.