Last updated on 2025-10-23 23:49:45 CEST.
| Flavor | Version | Tinstall | Tcheck | Ttotal | Status | Flags |
|---|---|---|---|---|---|---|
| r-devel-linux-x86_64-debian-clang | 0.16.4.8 | 4.03 | 36.63 | 40.66 | NOTE | |
| r-devel-linux-x86_64-debian-gcc | 0.16.4.8 | 2.66 | 28.55 | 31.21 | NOTE | |
| r-devel-linux-x86_64-fedora-clang | 0.16.4.8 | 59.36 | OK | |||
| r-devel-linux-x86_64-fedora-gcc | 0.16.4.8 | 58.10 | OK | |||
| r-devel-windows-x86_64 | 0.16.4.8 | 6.00 | 53.00 | 59.00 | OK | |
| r-patched-linux-x86_64 | 0.16.4.8 | 3.83 | 33.67 | 37.50 | OK | |
| r-release-linux-x86_64 | 0.16.4.8 | 3.19 | 33.88 | 37.07 | OK | |
| r-release-macos-arm64 | 0.16.4.8 | 3.00 | 36.00 | 39.00 | OK | |
| r-release-macos-x86_64 | 0.16.4.8 | 3.00 | 34.00 | 37.00 | OK | |
| r-release-windows-x86_64 | 0.16.4.8 | 6.00 | 53.00 | 59.00 | OK | |
| r-oldrel-macos-arm64 | 0.16.4.8 | 2.00 | 24.00 | 26.00 | OK | |
| r-oldrel-macos-x86_64 | 0.16.4.8 | 3.00 | 29.00 | 32.00 | OK | |
| r-oldrel-windows-x86_64 | 0.16.4.8 | 8.00 | 62.00 | 70.00 | OK |
Version: 0.16.4.8
Check: CRAN incoming feasibility
Result: NOTE
Maintainer: ‘Jose D. Loera <jose.loera@inegi.org.mx>’
No Authors@R field in DESCRIPTION.
Please add one, modifying
Authors@R: person(given = c("Jose", "D."),
family = "Loera",
role = c("aut", "cre"),
email = "jose.loera@inegi.org.mx")
as necessary.
Flavors: r-devel-linux-x86_64-debian-clang, r-devel-linux-x86_64-debian-gcc
These binaries (installable software) and packages are in development.
They may not be fully stable and should be used with caution. We make no claims about them.