Last updated on 2025-05-08 04:52:19 CEST.
Flavor | Version | Tinstall | Tcheck | Ttotal | Status | Flags |
---|---|---|---|---|---|---|
r-devel-linux-x86_64-debian-clang | 1.0.1 | 41.99 | 121.19 | 163.18 | NOTE | |
r-devel-linux-x86_64-debian-gcc | 1.0.1 | 26.92 | 84.38 | 111.30 | NOTE | |
r-devel-linux-x86_64-fedora-clang | 1.0.1 | 258.26 | OK | |||
r-devel-linux-x86_64-fedora-gcc | 1.0.1 | 284.23 | OK | |||
r-devel-windows-x86_64 | 1.0.1 | 47.00 | 149.00 | 196.00 | OK | |
r-patched-linux-x86_64 | 1.0.1 | 39.56 | 112.95 | 152.51 | OK | |
r-release-linux-x86_64 | 1.0.1 | 40.04 | 113.18 | 153.22 | OK | |
r-release-macos-arm64 | 1.0.1 | 72.00 | OK | |||
r-release-macos-x86_64 | 1.0.1 | 129.00 | OK | |||
r-release-windows-x86_64 | 1.0.1 | 48.00 | 151.00 | 199.00 | OK | |
r-oldrel-macos-arm64 | 1.0.1 | 70.00 | NOTE | |||
r-oldrel-macos-x86_64 | 1.0.1 | 110.00 | NOTE | |||
r-oldrel-windows-x86_64 | 1.0.1 | 58.00 | 189.00 | 247.00 | OK |
Version: 1.0.1
Check: CRAN incoming feasibility
Result: NOTE
Maintainer: ‘Antonio R. Linero <antonio.linero@austin.utexas.edu>’
Package CITATION file contains call(s) to old-style citEntry(). Please
use bibentry() instead.
Flavors: r-devel-linux-x86_64-debian-clang, r-devel-linux-x86_64-debian-gcc
Version: 1.0.1
Check: installed package size
Result: NOTE
installed size is 5.3Mb
sub-directories of 1Mb or more:
libs 4.4Mb
Flavors: r-oldrel-macos-arm64, r-oldrel-macos-x86_64
These binaries (installable software) and packages are in development.
They may not be fully stable and should be used with caution. We make no claims about them.