Last updated on 2025-11-13 19:50:39 CET.
| Flavor | Version | Tinstall | Tcheck | Ttotal | Status | Flags |
|---|---|---|---|---|---|---|
| r-devel-linux-x86_64-debian-clang | 1.0.2 | 42.63 | 133.08 | 175.71 | OK | |
| r-devel-linux-x86_64-debian-gcc | 1.0.2 | 32.94 | 90.72 | 123.66 | OK | |
| r-devel-linux-x86_64-fedora-clang | 1.0.2 | 88.00 | 196.16 | 284.16 | OK | |
| r-devel-linux-x86_64-fedora-gcc | 1.0.2 | 88.00 | 206.49 | 294.49 | OK | |
| r-devel-windows-x86_64 | 1.0.2 | 49.00 | 153.00 | 202.00 | OK | |
| r-patched-linux-x86_64 | 1.0.2 | 43.37 | 124.98 | 168.35 | OK | |
| r-release-linux-x86_64 | 1.0.2 | 42.93 | 126.17 | 169.10 | OK | |
| r-release-macos-arm64 | 1.0.2 | 18.00 | 56.00 | 74.00 | OK | |
| r-release-macos-x86_64 | 1.0.2 | 29.00 | 80.00 | 109.00 | OK | |
| r-release-windows-x86_64 | 1.0.2 | 47.00 | 153.00 | 200.00 | OK | |
| r-oldrel-macos-arm64 | 1.0.2 | 16.00 | 54.00 | 70.00 | NOTE | |
| r-oldrel-macos-x86_64 | 1.0.2 | 34.00 | 141.00 | 175.00 | NOTE | |
| r-oldrel-windows-x86_64 | 1.0.2 | 64.00 | 200.00 | 264.00 | OK |
Version: 1.0.2
Check: installed package size
Result: NOTE
installed size is 5.4Mb
sub-directories of 1Mb or more:
libs 4.6Mb
Flavors: r-oldrel-macos-arm64, r-oldrel-macos-x86_64
These binaries (installable software) and packages are in development.
They may not be fully stable and should be used with caution. We make no claims about them.