Last updated on 2025-10-23 21:51:42 CEST.
Flavor | Version | Tinstall | Tcheck | Ttotal | Status | Flags |
---|---|---|---|---|---|---|
r-devel-linux-x86_64-debian-clang | 1.0.2 | 43.14 | 132.49 | 175.63 | OK | |
r-devel-linux-x86_64-debian-gcc | 1.0.2 | 32.15 | 91.36 | 123.51 | OK | |
r-devel-linux-x86_64-fedora-clang | 1.0.2 | 94.00 | 196.44 | 290.44 | OK | |
r-devel-linux-x86_64-fedora-gcc | 1.0.2 | 121.00 | 178.11 | 299.11 | OK | |
r-devel-windows-x86_64 | 1.0.2 | 52.00 | 151.00 | 203.00 | OK | |
r-patched-linux-x86_64 | 1.0.2 | 38.96 | 126.09 | 165.05 | OK | |
r-release-linux-x86_64 | 1.0.2 | 43.39 | 127.41 | 170.80 | OK | |
r-release-macos-arm64 | 1.0.2 | 18.00 | 56.00 | 74.00 | OK | |
r-release-macos-x86_64 | 1.0.2 | 29.00 | 80.00 | 109.00 | OK | |
r-release-windows-x86_64 | 1.0.2 | 50.00 | 162.00 | 212.00 | OK | |
r-oldrel-macos-arm64 | 1.0.2 | 16.00 | 54.00 | 70.00 | NOTE | |
r-oldrel-macos-x86_64 | 1.0.2 | 34.00 | 141.00 | 175.00 | NOTE | |
r-oldrel-windows-x86_64 | 1.0.2 | 63.00 | 204.00 | 267.00 | OK |
Version: 1.0.2
Check: installed package size
Result: NOTE
installed size is 5.4Mb
sub-directories of 1Mb or more:
libs 4.6Mb
Flavors: r-oldrel-macos-arm64, r-oldrel-macos-x86_64
These binaries (installable software) and packages are in development.
They may not be fully stable and should be used with caution. We make no claims about them.