Last updated on 2025-05-29 17:59:11 CEST.
Flavor | Version | Tinstall | Tcheck | Ttotal | Status | Flags |
---|---|---|---|---|---|---|
r-devel-linux-x86_64-debian-clang | 6.3.0 | 17.57 | 136.65 | 154.22 | OK | |
r-devel-linux-x86_64-debian-gcc | 6.3.0 | 13.81 | 92.32 | 106.13 | OK | |
r-devel-linux-x86_64-fedora-clang | 6.3.0 | 246.45 | OK | |||
r-devel-linux-x86_64-fedora-gcc | 6.3.0 | 243.23 | OK | |||
r-devel-windows-x86_64 | 6.3.0 | 20.00 | 158.00 | 178.00 | OK | |
r-patched-linux-x86_64 | 6.3.0 | 18.06 | 126.79 | 144.85 | OK | |
r-release-linux-x86_64 | 6.3.0 | 15.64 | 128.11 | 143.75 | OK | |
r-release-macos-arm64 | 6.3.0 | 170.00 | OK | |||
r-release-macos-x86_64 | 6.3.0 | 180.00 | OK | |||
r-release-windows-x86_64 | 6.3.0 | 21.00 | 158.00 | 179.00 | OK | |
r-oldrel-macos-arm64 | 6.3.0 | 85.00 | NOTE | |||
r-oldrel-macos-x86_64 | 6.3.0 | 169.00 | NOTE | |||
r-oldrel-windows-x86_64 | 6.3.0 | 25.00 | 202.00 | 227.00 | OK |
Version: 6.3.0
Check: installed package size
Result: NOTE
installed size is 6.1Mb
sub-directories of 1Mb or more:
data 3.8Mb
extdata 1.1Mb
Flavors: r-oldrel-macos-arm64, r-oldrel-macos-x86_64
These binaries (installable software) and packages are in development.
They may not be fully stable and should be used with caution. We make no claims about them.