Last updated on 2025-02-16 10:50:59 CET.
Flavor | Version | Tinstall | Tcheck | Ttotal | Status | Flags |
---|---|---|---|---|---|---|
r-devel-linux-x86_64-debian-clang | 1.7.0 | 12.68 | 127.59 | 140.27 | NOTE | |
r-devel-linux-x86_64-debian-gcc | 1.7.0 | 8.54 | 90.02 | 98.56 | NOTE | |
r-devel-linux-x86_64-fedora-clang | 1.7.0 | 230.95 | NOTE | |||
r-devel-linux-x86_64-fedora-gcc | 1.7.0 | 220.36 | NOTE | |||
r-devel-macos-arm64 | 1.7.0 | 70.00 | NOTE | |||
r-devel-macos-x86_64 | 1.7.0 | 149.00 | NOTE | |||
r-devel-windows-x86_64 | 1.7.0 | 13.00 | 135.00 | 148.00 | NOTE | |
r-patched-linux-x86_64 | 1.7.0 | 12.61 | 115.63 | 128.24 | NOTE | |
r-release-linux-x86_64 | 1.7.0 | 11.95 | 116.48 | 128.43 | NOTE | |
r-release-macos-arm64 | 1.7.0 | 67.00 | NOTE | |||
r-release-macos-x86_64 | 1.7.0 | 101.00 | NOTE | |||
r-release-windows-x86_64 | 1.7.0 | 14.00 | 135.00 | 149.00 | NOTE | |
r-oldrel-macos-arm64 | 1.7.0 | 78.00 | OK | |||
r-oldrel-macos-x86_64 | 1.7.0 | 113.00 | OK | |||
r-oldrel-windows-x86_64 | 1.7.0 | 18.00 | 162.00 | 180.00 | OK |
Version: 1.7.0
Check: Rd files
Result: NOTE
checkRd: (-1) spe.Rd:101: Lost braces
101 | code{spe} command; (4) \code{alpha} stores significance level as in
| ^
Flavors: r-devel-linux-x86_64-debian-clang, r-devel-linux-x86_64-debian-gcc, r-devel-linux-x86_64-fedora-clang, r-devel-linux-x86_64-fedora-gcc, r-devel-macos-arm64, r-devel-macos-x86_64, r-devel-windows-x86_64, r-patched-linux-x86_64, r-release-linux-x86_64, r-release-macos-arm64, r-release-macos-x86_64, r-release-windows-x86_64
These binaries (installable software) and packages are in development.
They may not be fully stable and should be used with caution. We make no claims about them.