CRAN Package Check Results for Package SortedEffects

Last updated on 2025-07-24 01:50:37 CEST.

Flavor Version Tinstall Tcheck Ttotal Status Flags
r-devel-linux-x86_64-debian-clang 1.7.0 12.86 134.07 146.93 NOTE
r-devel-linux-x86_64-debian-gcc 1.7.0 9.94 95.25 105.19 NOTE
r-devel-linux-x86_64-fedora-clang 1.7.0 226.74 NOTE
r-devel-linux-x86_64-fedora-gcc 1.7.0 230.38 NOTE
r-devel-windows-x86_64 1.7.0 14.00 132.00 146.00 NOTE
r-patched-linux-x86_64 1.7.0 11.95 126.05 138.00 NOTE
r-release-linux-x86_64 1.7.0 12.68 125.76 138.44 NOTE
r-release-macos-arm64 1.7.0 65.00 NOTE
r-release-macos-x86_64 1.7.0 149.00 NOTE
r-release-windows-x86_64 1.7.0 14.00 139.00 153.00 NOTE
r-oldrel-macos-arm64 1.7.0 67.00 NOTE
r-oldrel-macos-x86_64 1.7.0 101.00 NOTE
r-oldrel-windows-x86_64 1.7.0 18.00 178.00 196.00 NOTE

Check Details

Version: 1.7.0
Check: Rd files
Result: NOTE checkRd: (-1) spe.Rd:101: Lost braces 101 | code{spe} command; (4) \code{alpha} stores significance level as in | ^ Flavors: r-devel-linux-x86_64-debian-clang, r-devel-linux-x86_64-debian-gcc, r-devel-linux-x86_64-fedora-clang, r-devel-linux-x86_64-fedora-gcc, r-devel-windows-x86_64, r-patched-linux-x86_64, r-release-linux-x86_64, r-release-macos-arm64, r-release-macos-x86_64, r-release-windows-x86_64, r-oldrel-macos-arm64, r-oldrel-macos-x86_64, r-oldrel-windows-x86_64

These binaries (installable software) and packages are in development.
They may not be fully stable and should be used with caution. We make no claims about them.