CRAN Package Check Results for Package SoundShape

Last updated on 2025-05-01 14:49:23 CEST.

Flavor Version Tinstall Tcheck Ttotal Status Flags
r-devel-linux-x86_64-debian-clang 1.3.2 3.09 69.89 72.98 NOTE
r-devel-linux-x86_64-debian-gcc 1.3.2 1.89 54.64 56.53 OK
r-devel-linux-x86_64-fedora-clang 1.3.2 110.62 OK
r-devel-linux-x86_64-fedora-gcc 1.3.2 130.83 OK
r-devel-windows-x86_64 1.3.2 5.00 102.00 107.00 OK
r-patched-linux-x86_64 1.3.2 2.77 65.91 68.68 OK
r-release-linux-x86_64 OK
r-release-macos-arm64 1.3.2 55.00 OK
r-release-macos-x86_64 1.3.2 84.00 OK
r-release-windows-x86_64 1.3.2 5.00 106.00 111.00 OK
r-oldrel-macos-arm64 1.3.2 59.00 OK
r-oldrel-macos-x86_64 1.3.2 75.00 OK
r-oldrel-windows-x86_64 1.3.2 6.00 115.00 121.00 OK

Check Details

Version: 1.3.2
Check: examples
Result: NOTE Examples with CPU (user + system) or elapsed time > 5s user system elapsed eig.sample 3.325 0.662 5.786 Flavor: r-devel-linux-x86_64-debian-clang

These binaries (installable software) and packages are in development.
They may not be fully stable and should be used with caution. We make no claims about them.