Last updated on 2025-02-23 13:51:26 CET.
Flavor | Version | Tinstall | Tcheck | Ttotal | Status | Flags |
---|---|---|---|---|---|---|
r-devel-linux-x86_64-debian-clang | 1.6.2 | 37.94 | 82.41 | 120.35 | OK | |
r-devel-linux-x86_64-debian-gcc | 1.6.2 | 29.82 | 60.82 | 90.64 | OK | |
r-devel-linux-x86_64-fedora-clang | 1.6.2 | 210.29 | NOTE | |||
r-devel-linux-x86_64-fedora-gcc | 1.6.2 | 197.77 | NOTE | |||
r-devel-macos-arm64 | 1.6.2 | 59.00 | OK | |||
r-devel-macos-x86_64 | 1.6.2 | 143.00 | OK | |||
r-devel-windows-x86_64 | 1.6.2 | 38.00 | 110.00 | 148.00 | OK | |
r-patched-linux-x86_64 | 1.6.2 | 40.26 | 78.51 | 118.77 | OK | |
r-release-linux-x86_64 | 1.6.2 | 39.51 | 79.94 | 119.45 | OK | |
r-release-macos-arm64 | 1.6.2 | 57.00 | NOTE | |||
r-release-macos-x86_64 | 1.6.2 | 86.00 | NOTE | |||
r-release-windows-x86_64 | 1.6.2 | 38.00 | 107.00 | 145.00 | NOTE | |
r-oldrel-macos-arm64 | 1.6.2 | 66.00 | NOTE | |||
r-oldrel-macos-x86_64 | 1.6.2 | 98.00 | NOTE | |||
r-oldrel-windows-x86_64 | 1.6.2 | 48.00 | 131.00 | 179.00 | NOTE |
Version: 1.6.2
Check: dependencies in R code
Result: NOTE
Namespace in Imports field not imported from: ‘RcppEigen’
All declared Imports should be used.
Flavors: r-devel-linux-x86_64-fedora-clang, r-devel-linux-x86_64-fedora-gcc
Version: 1.6.2
Check: installed package size
Result: NOTE
installed size is 19.1Mb
sub-directories of 1Mb or more:
data 4.7Mb
libs 14.3Mb
Flavors: r-release-macos-arm64, r-release-macos-x86_64, r-release-windows-x86_64, r-oldrel-macos-arm64, r-oldrel-macos-x86_64, r-oldrel-windows-x86_64
These binaries (installable software) and packages are in development.
They may not be fully stable and should be used with caution. We make no claims about them.