Last updated on 2025-10-25 09:49:44 CEST.
| Flavor | Version | Tinstall | Tcheck | Ttotal | Status | Flags |
|---|---|---|---|---|---|---|
| r-devel-linux-x86_64-debian-clang | 1.3 | 40.44 | 69.05 | 109.49 | OK | |
| r-devel-linux-x86_64-debian-gcc | 1.3 | 28.69 | 51.62 | 80.31 | OK | |
| r-devel-linux-x86_64-fedora-clang | 1.3 | 78.00 | 102.95 | 180.95 | OK | |
| r-devel-linux-x86_64-fedora-gcc | 1.3 | 96.00 | 106.10 | 202.10 | OK | |
| r-devel-windows-x86_64 | 1.3 | 48.00 | 95.00 | 143.00 | OK | |
| r-patched-linux-x86_64 | 1.3 | 42.42 | 64.98 | 107.40 | OK | |
| r-release-linux-x86_64 | 1.3 | 42.37 | 64.94 | 107.31 | OK | |
| r-release-macos-arm64 | 1.3 | 18.00 | 43.00 | 61.00 | OK | |
| r-release-macos-x86_64 | 1.3 | 30.00 | 99.00 | 129.00 | OK | |
| r-release-windows-x86_64 | 1.3 | 48.00 | 98.00 | 146.00 | OK | |
| r-oldrel-macos-arm64 | 1.3 | 15.00 | 45.00 | 60.00 | NOTE | |
| r-oldrel-macos-x86_64 | 1.3 | 25.00 | 83.00 | 108.00 | NOTE | |
| r-oldrel-windows-x86_64 | 1.3 | 57.00 | 122.00 | 179.00 | OK |
Version: 1.3
Check: installed package size
Result: NOTE
installed size is 5.7Mb
sub-directories of 1Mb or more:
libs 5.4Mb
Flavors: r-oldrel-macos-arm64, r-oldrel-macos-x86_64
These binaries (installable software) and packages are in development.
They may not be fully stable and should be used with caution. We make no claims about them.