Last updated on 2025-07-11 13:48:39 CEST.
Flavor | Version | Tinstall | Tcheck | Ttotal | Status | Flags |
---|---|---|---|---|---|---|
r-devel-linux-x86_64-debian-clang | 1.3 | 40.11 | 67.58 | 107.69 | OK | |
r-devel-linux-x86_64-debian-gcc | 1.3 | 30.39 | 51.89 | 82.28 | OK | |
r-devel-linux-x86_64-fedora-clang | 1.3 | 177.38 | OK | |||
r-devel-linux-x86_64-fedora-gcc | 1.3 | 193.16 | OK | |||
r-devel-windows-x86_64 | 1.3 | 46.00 | 95.00 | 141.00 | OK | |
r-patched-linux-x86_64 | 1.3 | 43.81 | 64.23 | 108.04 | OK | |
r-release-linux-x86_64 | 1.3 | 40.07 | 63.34 | 103.41 | OK | |
r-release-macos-arm64 | 1.3 | 61.00 | OK | |||
r-release-macos-x86_64 | 1.3 | 129.00 | OK | |||
r-release-windows-x86_64 | 1.3 | 45.00 | 98.00 | 143.00 | OK | |
r-oldrel-macos-arm64 | 1.3 | 60.00 | NOTE | |||
r-oldrel-macos-x86_64 | 1.3 | 108.00 | NOTE | |||
r-oldrel-windows-x86_64 | 1.3 | 58.00 | 123.00 | 181.00 | OK |
Version: 1.3
Check: installed package size
Result: NOTE
installed size is 5.7Mb
sub-directories of 1Mb or more:
libs 5.4Mb
Flavors: r-oldrel-macos-arm64, r-oldrel-macos-x86_64
These binaries (installable software) and packages are in development.
They may not be fully stable and should be used with caution. We make no claims about them.