Last updated on 2025-02-19 16:51:05 CET.
Flavor | Version | Tinstall | Tcheck | Ttotal | Status | Flags |
---|---|---|---|---|---|---|
r-devel-linux-x86_64-debian-clang | 1.2 | 38.64 | 67.12 | 105.76 | OK | |
r-devel-linux-x86_64-debian-gcc | 1.2 | 30.80 | 50.56 | 81.36 | OK | |
r-devel-linux-x86_64-fedora-clang | 1.2 | 194.54 | OK | |||
r-devel-linux-x86_64-fedora-gcc | 1.2 | 197.64 | OK | |||
r-devel-macos-arm64 | 1.2 | 55.00 | OK | |||
r-devel-macos-x86_64 | 1.2 | 109.00 | OK | |||
r-devel-windows-x86_64 | 1.2 | 41.00 | 95.00 | 136.00 | OK | |
r-patched-linux-x86_64 | 1.2 | 40.85 | 62.84 | 103.69 | OK | |
r-release-linux-x86_64 | 1.2 | 41.63 | 62.44 | 104.07 | OK | |
r-release-macos-arm64 | 1.2 | 67.00 | NOTE | |||
r-release-macos-x86_64 | 1.2 | 87.00 | NOTE | |||
r-release-windows-x86_64 | 1.2 | 43.00 | 94.00 | 137.00 | OK | |
r-oldrel-macos-arm64 | 1.2 | 103.00 | NOTE | |||
r-oldrel-macos-x86_64 | 1.2 | 156.00 | NOTE | |||
r-oldrel-windows-x86_64 | 1.2 | 54.00 | 138.00 | 192.00 | OK |
Version: 1.2
Check: installed package size
Result: NOTE
installed size is 5.6Mb
sub-directories of 1Mb or more:
libs 5.3Mb
Flavors: r-release-macos-arm64, r-release-macos-x86_64, r-oldrel-macos-arm64, r-oldrel-macos-x86_64
These binaries (installable software) and packages are in development.
They may not be fully stable and should be used with caution. We make no claims about them.