Last updated on 2025-05-08 04:52:19 CEST.
Flavor | Version | Tinstall | Tcheck | Ttotal | Status | Flags |
---|---|---|---|---|---|---|
r-devel-linux-x86_64-debian-clang | 2.0.11 | 29.99 | 250.27 | 280.26 | OK | |
r-devel-linux-x86_64-debian-gcc | 2.0.11 | 20.05 | 159.99 | 180.04 | OK | |
r-devel-linux-x86_64-fedora-clang | 2.0.11 | 442.32 | OK | |||
r-devel-linux-x86_64-fedora-gcc | 2.0.11 | 436.09 | OK | |||
r-devel-windows-x86_64 | 2.0.11 | 26.00 | 199.00 | 225.00 | OK | |
r-patched-linux-x86_64 | 2.0.11 | 26.98 | 235.45 | 262.43 | OK | |
r-release-linux-x86_64 | 2.0.11 | 27.60 | 232.60 | 260.20 | OK | |
r-release-macos-arm64 | 2.0.11 | 118.00 | OK | |||
r-release-macos-x86_64 | 2.0.11 | 244.00 | OK | |||
r-release-windows-x86_64 | 2.0.11 | 27.00 | 201.00 | 228.00 | OK | |
r-oldrel-macos-arm64 | 2.0.11 | 117.00 | OK | |||
r-oldrel-macos-x86_64 | 2.0.11 | 171.00 | OK | |||
r-oldrel-windows-x86_64 | 2.0.11 | 38.00 | 270.00 | 308.00 | WARN |
Version: 2.0.11
Check: whether the package can be loaded with stated dependencies
Result: WARN
It looks like this package (or one of its dependent packages) has an
unstated dependence on a standard package. All dependencies must be
declared in DESCRIPTION.
See section 'The DESCRIPTION file' in the 'Writing R Extensions'
manual.
Flavor: r-oldrel-windows-x86_64
These binaries (installable software) and packages are in development.
They may not be fully stable and should be used with caution. We make no claims about them.