Last updated on 2025-02-16 10:50:59 CET.
Flavor | Version | Tinstall | Tcheck | Ttotal | Status | Flags |
---|---|---|---|---|---|---|
r-devel-linux-x86_64-debian-clang | 2.0.7 | 40.01 | 463.03 | 503.04 | OK | |
r-devel-linux-x86_64-debian-gcc | 2.0.7 | 26.50 | 298.52 | 325.02 | OK | |
r-devel-linux-x86_64-fedora-clang | 2.0.7 | 808.48 | OK | |||
r-devel-linux-x86_64-fedora-gcc | 2.0.7 | 708.95 | OK | |||
r-devel-macos-arm64 | 2.0.7 | 181.00 | OK | |||
r-devel-macos-x86_64 | 2.0.7 | 395.00 | OK | |||
r-devel-windows-x86_64 | 2.0.7 | 38.00 | 428.00 | 466.00 | OK | |
r-patched-linux-x86_64 | 2.0.7 | 35.26 | 406.00 | 441.26 | NOTE | |
r-release-linux-x86_64 | 2.0.7 | 36.74 | 407.82 | 444.56 | NOTE | |
r-release-macos-arm64 | 2.0.7 | 175.00 | NOTE | |||
r-release-macos-x86_64 | 2.0.7 | 283.00 | NOTE | |||
r-release-windows-x86_64 | 2.0.7 | 39.00 | 359.00 | 398.00 | NOTE | |
r-oldrel-macos-arm64 | 2.0.7 | 175.00 | NOTE | |||
r-oldrel-macos-x86_64 | 2.0.7 | 487.00 | NOTE | |||
r-oldrel-windows-x86_64 | 2.0.7 | 54.00 | 518.00 | 572.00 | NOTE |
Version: 2.0.7
Check: package dependencies
Result: NOTE
Package suggested but not available for checking: ‘NLMR’
Flavors: r-patched-linux-x86_64, r-release-linux-x86_64, r-release-macos-arm64, r-release-macos-x86_64, r-release-windows-x86_64, r-oldrel-macos-arm64, r-oldrel-macos-x86_64, r-oldrel-windows-x86_64
These binaries (installable software) and packages are in development.
They may not be fully stable and should be used with caution. We make no claims about them.