Last updated on 2025-10-24 05:50:57 CEST.
| Flavor | Version | Tinstall | Tcheck | Ttotal | Status | Flags |
|---|---|---|---|---|---|---|
| r-devel-linux-x86_64-debian-clang | 0.4-0 | 34.07 | 74.13 | 108.20 | OK | |
| r-devel-linux-x86_64-debian-gcc | 0.4-0 | 23.57 | 53.91 | 77.48 | OK | |
| r-devel-linux-x86_64-fedora-clang | 0.4-0 | 74.00 | 117.56 | 191.56 | OK | |
| r-devel-linux-x86_64-fedora-gcc | 0.4-0 | 67.00 | 111.15 | 178.15 | OK | |
| r-devel-windows-x86_64 | 0.4-0 | 45.00 | 97.00 | 142.00 | OK | |
| r-patched-linux-x86_64 | 0.4-0 | 37.24 | 68.08 | 105.32 | OK | |
| r-release-linux-x86_64 | 0.4-0 | 35.97 | 68.71 | 104.68 | OK | |
| r-release-macos-arm64 | 0.4-0 | 17.00 | 38.00 | 55.00 | OK | |
| r-release-macos-x86_64 | 0.4-0 | 20.00 | 60.00 | 80.00 | OK | |
| r-release-windows-x86_64 | 0.4-0 | 46.00 | 102.00 | 148.00 | OK | |
| r-oldrel-macos-arm64 | 0.4-0 | 15.00 | 36.00 | 51.00 | NOTE | |
| r-oldrel-macos-x86_64 | 0.4-0 | 33.00 | 63.00 | 96.00 | NOTE | |
| r-oldrel-windows-x86_64 | 0.4-0 | 52.00 | 123.00 | 175.00 | OK |
Version: 0.4-0
Check: installed package size
Result: NOTE
installed size is 5.1Mb
sub-directories of 1Mb or more:
data 2.4Mb
libs 2.6Mb
Flavors: r-oldrel-macos-arm64, r-oldrel-macos-x86_64
These binaries (installable software) and packages are in development.
They may not be fully stable and should be used with caution. We make no claims about them.