Last updated on 2025-05-01 08:52:46 CEST.
Flavor | Version | Tinstall | Tcheck | Ttotal | Status | Flags |
---|---|---|---|---|---|---|
r-devel-linux-x86_64-debian-clang | 0.4-0 | 35.12 | 71.64 | 106.76 | NOTE | |
r-devel-linux-x86_64-debian-gcc | 0.4-0 | 27.78 | 52.54 | 80.32 | OK | |
r-devel-linux-x86_64-fedora-clang | 0.4-0 | 182.86 | OK | |||
r-devel-linux-x86_64-fedora-gcc | 0.4-0 | 182.91 | OK | |||
r-devel-windows-x86_64 | 0.4-0 | 41.00 | 101.00 | 142.00 | OK | |
r-patched-linux-x86_64 | 0.4-0 | 36.25 | 67.71 | 103.96 | OK | |
r-release-linux-x86_64 | OK | |||||
r-release-macos-arm64 | 0.4-0 | 55.00 | OK | |||
r-release-macos-x86_64 | 0.4-0 | 80.00 | OK | |||
r-release-windows-x86_64 | 0.4-0 | 42.00 | 101.00 | 143.00 | OK | |
r-oldrel-macos-arm64 | 0.4-0 | 51.00 | NOTE | |||
r-oldrel-macos-x86_64 | 0.4-0 | 96.00 | NOTE | |||
r-oldrel-windows-x86_64 | 0.4-0 | 49.00 | 126.00 | 175.00 | OK |
Version: 0.4-0
Check: examples
Result: NOTE
Examples with CPU (user + system) or elapsed time > 5s
user system elapsed
stkmat 7.240 0.082 8.646
lacov 5.441 0.007 7.136
Flavor: r-devel-linux-x86_64-debian-clang
Version: 0.4-0
Check: examples
Result: NA
user system elapsed
stkmat 4.458 0.058 5.637
OK
Flavor: r-devel-linux-x86_64-debian-gcc
Version: 0.4-0
Check: installed package size
Result: NOTE
installed size is 5.1Mb
sub-directories of 1Mb or more:
data 2.4Mb
libs 2.6Mb
Flavors: r-oldrel-macos-arm64, r-oldrel-macos-x86_64
These binaries (installable software) and packages are in development.
They may not be fully stable and should be used with caution. We make no claims about them.