CRAN Package Check Results for Package SpadeR

Last updated on 2025-07-01 11:49:31 CEST.

Flavor Version Tinstall Tcheck Ttotal Status Flags
r-devel-linux-x86_64-debian-clang 0.1.1 22.94 82.93 105.87 NOTE
r-devel-linux-x86_64-debian-gcc 0.1.1 14.16 55.01 69.17 NOTE
r-devel-linux-x86_64-fedora-clang 0.1.1 176.43 OK
r-devel-linux-x86_64-fedora-gcc 0.1.1 159.97 OK
r-devel-windows-x86_64 0.1.1 20.00 79.00 99.00 OK
r-patched-linux-x86_64 OK
r-release-linux-x86_64 0.1.1 21.48 78.61 100.09 OK
r-release-macos-arm64 0.1.1 35.00 OK
r-release-macos-x86_64 0.1.1 79.00 OK
r-release-windows-x86_64 0.1.1 19.00 81.00 100.00 OK
r-oldrel-macos-arm64 0.1.1 35.00 OK
r-oldrel-macos-x86_64 0.1.1 62.00 OK
r-oldrel-windows-x86_64 0.1.1 21.00 79.00 100.00 OK

Check Details

Version: 0.1.1
Check: CRAN incoming feasibility
Result: NOTE Maintainer: ‘Anne Chao <chao@stat.nthu.edu.tw>’ No Authors@R field in DESCRIPTION. Please add one, modifying Authors@R: c(person(given = "Anne", family = "Chao", role = c("aut", "cre"), email = "chao@stat.nthu.edu.tw"), person(given = c("K.", "H."), family = "Ma", role = "aut"), person(given = c("T.", "C."), family = "Hsieh", role = "aut"), person(given = "Chun-Huo", family = "Chiu", role = "aut")) as necessary. Flavors: r-devel-linux-x86_64-debian-clang, r-devel-linux-x86_64-debian-gcc

These binaries (installable software) and packages are in development.
They may not be fully stable and should be used with caution. We make no claims about them.