CRAN Package Check Results for Package SparseGrid

Last updated on 2025-10-03 05:53:53 CEST.

Flavor Version Tinstall Tcheck Ttotal Status Flags
r-devel-linux-x86_64-debian-clang 0.8.2 2.36 43.37 45.73 NOTE
r-devel-linux-x86_64-debian-gcc 0.8.2 1.72 32.44 34.16 NOTE
r-devel-linux-x86_64-fedora-clang 0.8.2 74.13 NOTE
r-devel-linux-x86_64-fedora-gcc 0.8.2 83.70 NOTE
r-devel-windows-x86_64 0.8.2 3.00 74.00 77.00 NOTE
r-patched-linux-x86_64 0.8.2 2.17 40.09 42.26 NOTE
r-release-linux-x86_64 0.8.2 2.17 40.58 42.75 NOTE
r-release-macos-arm64 0.8.2 32.00 NOTE
r-release-macos-x86_64 0.8.2 88.00 NOTE
r-release-windows-x86_64 0.8.2 3.00 74.00 77.00 NOTE
r-oldrel-macos-arm64 0.8.2 33.00 NOTE
r-oldrel-macos-x86_64 0.8.2 75.00 NOTE
r-oldrel-windows-x86_64 0.8.2 5.00 79.00 84.00 NOTE

Check Details

Version: 0.8.2
Check: CRAN incoming feasibility
Result: NOTE Maintainer: ‘Jelmer Ypma <uctpjyy@ucl.ac.uk>’ No Authors@R field in DESCRIPTION. Please add one, modifying Authors@R: person(given = "Jelmer", family = "Ypma", role = c("aut", "cre"), email = "uctpjyy@ucl.ac.uk") as necessary. Package CITATION file contains call(s) to old-style personList() or as.personList(). Please use c() on person objects instead. Package CITATION file contains call(s) to old-style citEntry(). Please use bibentry() instead. Flavors: r-devel-linux-x86_64-debian-clang, r-devel-linux-x86_64-debian-gcc

Version: 0.8.2
Check: DESCRIPTION meta-information
Result: NOTE Malformed Description field: should contain one or more complete sentences. Flavors: r-devel-linux-x86_64-debian-clang, r-devel-linux-x86_64-debian-gcc, r-devel-linux-x86_64-fedora-clang, r-devel-linux-x86_64-fedora-gcc, r-devel-windows-x86_64, r-patched-linux-x86_64, r-release-linux-x86_64, r-release-macos-arm64, r-release-macos-x86_64, r-release-windows-x86_64, r-oldrel-macos-arm64, r-oldrel-macos-x86_64, r-oldrel-windows-x86_64

These binaries (installable software) and packages are in development.
They may not be fully stable and should be used with caution. We make no claims about them.