Last updated on 2025-11-13 21:50:09 CET.
| Flavor | Version | Tinstall | Tcheck | Ttotal | Status | Flags |
|---|---|---|---|---|---|---|
| r-devel-linux-x86_64-debian-clang | 1.0 | 67.55 | 58.57 | 126.12 | NOTE | |
| r-devel-linux-x86_64-debian-gcc | 1.0 | 36.50 | 44.43 | 80.93 | NOTE | |
| r-devel-linux-x86_64-fedora-clang | 1.0 | 117.00 | 124.67 | 241.67 | OK | |
| r-devel-linux-x86_64-fedora-gcc | 1.0 | 105.00 | 90.17 | 195.17 | OK | |
| r-devel-windows-x86_64 | 1.0 | 84.00 | 82.00 | 166.00 | OK | |
| r-patched-linux-x86_64 | 1.0 | 62.74 | 57.18 | 119.92 | OK | |
| r-release-linux-x86_64 | 1.0 | 59.80 | 56.80 | 116.60 | OK | |
| r-release-macos-arm64 | 1.0 | 23.00 | 32.00 | 55.00 | OK | |
| r-release-macos-x86_64 | 1.0 | 23.00 | 61.00 | 84.00 | OK | |
| r-release-windows-x86_64 | 1.0 | 81.00 | 83.00 | 164.00 | OK | |
| r-oldrel-macos-arm64 | 1.0 | 25.00 | 28.00 | 53.00 | OK | |
| r-oldrel-macos-x86_64 | 1.0 | 22.00 | 41.00 | 63.00 | OK | |
| r-oldrel-windows-x86_64 | 1.0 | 94.00 | 109.00 | 203.00 | OK |
Version: 1.0
Check: CRAN incoming feasibility
Result: NOTE
Maintainer: ‘Riccardo Rastelli <riccardoras@gmail.com>’
The Description field contains
<arXiv:1808.09262>.
Please refer to arXiv e-prints via their arXiv DOI <doi:10.48550/arXiv.YYMM.NNNNN>.
Flavors: r-devel-linux-x86_64-debian-clang, r-devel-linux-x86_64-debian-gcc
These binaries (installable software) and packages are in development.
They may not be fully stable and should be used with caution. We make no claims about them.