CRAN Package Check Results for Package SparseM

Last updated on 2025-11-12 12:53:24 CET.

Flavor Version Tinstall Tcheck Ttotal Status Flags
r-devel-linux-x86_64-debian-clang 1.84-2 13.50 48.76 62.26 OK
r-devel-linux-x86_64-debian-gcc 1.84-2 7.94 37.11 45.05 OK
r-devel-linux-x86_64-fedora-clang 1.84-2 30.00 68.56 98.56 OK
r-devel-linux-x86_64-fedora-gcc 1.84-2 27.00 78.71 105.71 OK
r-devel-windows-x86_64 1.84-2 20.00 76.00 96.00 OK
r-patched-linux-x86_64 1.84-2 11.64 47.31 58.95 OK
r-release-linux-x86_64 1.84-2 10.50 47.31 57.81 OK
r-release-macos-arm64 1.84-2 10.00 33.00 43.00 OK
r-release-macos-x86_64 1.84-2 21.00 63.00 84.00 OK
r-release-windows-x86_64 1.84-2 20.00 73.00 93.00 OK
r-oldrel-macos-arm64 1.84-2 6.00 34.00 40.00 NOTE
r-oldrel-macos-x86_64 1.84-2 29.00 124.00 153.00 NOTE
r-oldrel-windows-x86_64 1.84-2 20.00 86.00 106.00 OK

Check Details

Version: 1.84-2
Check: Rd \usage sections
Result: NOTE S3 methods shown with full name in Rd file 'SparseM.ontology.Rd': ‘as.matrix.csr’ ‘is.matrix.csr’ ‘is.matrix.csc’ ‘is.matrix.ssr’ ‘is.matrix.ssc’ ‘is.matrix.coo’ The \usage entries for S3 methods should use the \method markup and not their full name. See chapter ‘Writing R documentation files’ in the ‘Writing R Extensions’ manual. Flavors: r-oldrel-macos-arm64, r-oldrel-macos-x86_64

These binaries (installable software) and packages are in development.
They may not be fully stable and should be used with caution. We make no claims about them.