Last updated on 2025-05-01 12:49:42 CEST.
Flavor | Version | Tinstall | Tcheck | Ttotal | Status | Flags |
---|---|---|---|---|---|---|
r-devel-linux-x86_64-debian-clang | 1.84-2 | 14.86 | 46.54 | 61.40 | OK | |
r-devel-linux-x86_64-debian-gcc | 1.84-2 | 7.72 | 35.90 | 43.62 | OK | |
r-devel-linux-x86_64-fedora-clang | 1.84-2 | 97.06 | OK | |||
r-devel-linux-x86_64-fedora-gcc | 1.84-2 | 106.43 | OK | |||
r-devel-windows-x86_64 | 1.84-2 | 17.00 | 78.00 | 95.00 | OK | |
r-patched-linux-x86_64 | 1.84-2 | 10.31 | 44.99 | 55.30 | OK | |
r-release-linux-x86_64 | OK | |||||
r-release-macos-arm64 | 1.84-2 | 43.00 | OK | |||
r-release-macos-x86_64 | 1.84-2 | 84.00 | OK | |||
r-release-windows-x86_64 | 1.84-2 | 19.00 | 79.00 | 98.00 | OK | |
r-oldrel-macos-arm64 | 1.84-2 | 40.00 | NOTE | |||
r-oldrel-macos-x86_64 | 1.84-2 | 153.00 | NOTE | |||
r-oldrel-windows-x86_64 | 1.84-2 | 17.00 | 85.00 | 102.00 | OK |
Version: 1.84-2
Check: Rd \usage sections
Result: NOTE
S3 methods shown with full name in Rd file 'SparseM.ontology.Rd':
‘as.matrix.csr’ ‘is.matrix.csr’ ‘is.matrix.csc’ ‘is.matrix.ssr’
‘is.matrix.ssc’ ‘is.matrix.coo’
The \usage entries for S3 methods should use the \method markup and not
their full name.
See chapter ‘Writing R documentation files’ in the ‘Writing R
Extensions’ manual.
Flavors: r-oldrel-macos-arm64, r-oldrel-macos-x86_64
These binaries (installable software) and packages are in development.
They may not be fully stable and should be used with caution. We make no claims about them.