CRAN Package Check Results for Package SparseM

Last updated on 2025-07-25 09:50:59 CEST.

Flavor Version Tinstall Tcheck Ttotal Status Flags
r-devel-linux-x86_64-debian-clang 1.84-2 13.82 46.75 60.57 OK
r-devel-linux-x86_64-debian-gcc 1.84-2 7.99 35.85 43.84 OK
r-devel-linux-x86_64-fedora-clang 1.84-2 97.71 OK
r-devel-linux-x86_64-fedora-gcc 1.84-2 103.67 OK
r-devel-windows-x86_64 1.84-2 19.00 78.00 97.00 OK
r-patched-linux-x86_64 1.84-2 17.79 44.73 62.52 OK
r-release-linux-x86_64 1.84-2 10.25 44.74 54.99 OK
r-release-macos-arm64 1.84-2 43.00 OK
r-release-macos-x86_64 1.84-2 84.00 OK
r-release-windows-x86_64 1.84-2 19.00 77.00 96.00 OK
r-oldrel-macos-arm64 1.84-2 40.00 NOTE
r-oldrel-macos-x86_64 1.84-2 153.00 NOTE
r-oldrel-windows-x86_64 1.84-2 19.00 88.00 107.00 OK

Check Details

Version: 1.84-2
Check: Rd \usage sections
Result: NOTE S3 methods shown with full name in Rd file 'SparseM.ontology.Rd': ‘as.matrix.csr’ ‘is.matrix.csr’ ‘is.matrix.csc’ ‘is.matrix.ssr’ ‘is.matrix.ssc’ ‘is.matrix.coo’ The \usage entries for S3 methods should use the \method markup and not their full name. See chapter ‘Writing R documentation files’ in the ‘Writing R Extensions’ manual. Flavors: r-oldrel-macos-arm64, r-oldrel-macos-x86_64

These binaries (installable software) and packages are in development.
They may not be fully stable and should be used with caution. We make no claims about them.