Last updated on 2025-10-24 05:50:57 CEST.
| Flavor | Version | Tinstall | Tcheck | Ttotal | Status | Flags |
|---|---|---|---|---|---|---|
| r-devel-linux-x86_64-debian-clang | 2.0.1 | 2.63 | 26.81 | 29.44 | NOTE | |
| r-devel-linux-x86_64-debian-gcc | 2.0.1 | 1.93 | 20.90 | 22.83 | NOTE | |
| r-devel-linux-x86_64-fedora-clang | 2.0.1 | 44.51 | OK | |||
| r-devel-linux-x86_64-fedora-gcc | 2.0.1 | 43.13 | OK | |||
| r-devel-windows-x86_64 | 2.0.1 | 3.00 | 48.00 | 51.00 | OK | |
| r-patched-linux-x86_64 | 2.0.1 | 3.09 | 25.56 | 28.65 | OK | |
| r-release-linux-x86_64 | 2.0.1 | 2.43 | 25.34 | 27.77 | OK | |
| r-release-macos-arm64 | 2.0.1 | 2.00 | 19.00 | 21.00 | OK | |
| r-release-macos-x86_64 | 2.0.1 | 2.00 | 26.00 | 28.00 | OK | |
| r-release-windows-x86_64 | 2.0.1 | 5.00 | 50.00 | 55.00 | OK | |
| r-oldrel-macos-arm64 | 2.0.1 | 1.00 | 16.00 | 17.00 | OK | |
| r-oldrel-macos-x86_64 | 2.0.1 | 2.00 | 23.00 | 25.00 | OK | |
| r-oldrel-windows-x86_64 | 2.0.1 | 4.00 | 54.00 | 58.00 | OK |
Version: 2.0.1
Check: CRAN incoming feasibility
Result: NOTE
Maintainer: ‘Lax Chan <laxchan77@gmail.com>’
The Description field contains
W., Vincent, K (2019) <arXiv:1902.05156>. This package explicitly
Please refer to arXiv e-prints via their arXiv DOI <doi:10.48550/arXiv.YYMM.NNNNN>.
Flavors: r-devel-linux-x86_64-debian-clang, r-devel-linux-x86_64-debian-gcc
These binaries (installable software) and packages are in development.
They may not be fully stable and should be used with caution. We make no claims about them.