Last updated on 2025-02-16 10:50:59 CET.
Flavor | Version | Tinstall | Tcheck | Ttotal | Status | Flags |
---|---|---|---|---|---|---|
r-devel-linux-x86_64-debian-clang | 0.0.1 | 5.12 | 69.48 | 74.60 | NOTE | |
r-devel-linux-x86_64-debian-gcc | 0.0.1 | 2.98 | 48.48 | 51.46 | NOTE | |
r-devel-linux-x86_64-fedora-clang | 0.0.1 | 136.28 | NOTE | |||
r-devel-linux-x86_64-fedora-gcc | 0.0.1 | 115.24 | NOTE | |||
r-devel-macos-arm64 | 0.0.1 | 41.00 | OK | |||
r-devel-macos-x86_64 | 0.0.1 | 76.00 | NOTE | |||
r-devel-windows-x86_64 | 0.0.1 | 7.00 | 89.00 | 96.00 | NOTE | |
r-patched-linux-x86_64 | 0.0.1 | 5.79 | 65.88 | 71.67 | OK | |
r-release-linux-x86_64 | 0.0.1 | 5.19 | 66.02 | 71.21 | OK | |
r-release-macos-arm64 | 0.0.1 | 50.00 | OK | |||
r-release-macos-x86_64 | 0.0.1 | 97.00 | OK | |||
r-release-windows-x86_64 | 0.0.1 | 7.00 | 87.00 | 94.00 | OK | |
r-oldrel-macos-arm64 | 0.0.1 | 44.00 | OK | |||
r-oldrel-macos-x86_64 | 0.0.1 | 85.00 | OK | |||
r-oldrel-windows-x86_64 | 0.0.1 | 9.00 | 106.00 | 115.00 | OK |
Version: 0.0.1
Check: DESCRIPTION meta-information
Result: NOTE
Missing dependency on R >= 4.1.0 because package code uses the pipe
|> or function shorthand \(...) syntax added in R 4.1.0.
File(s) using such syntax:
‘sim_functional_process.R’
Flavors: r-devel-linux-x86_64-debian-clang, r-devel-linux-x86_64-debian-gcc, r-devel-linux-x86_64-fedora-clang, r-devel-linux-x86_64-fedora-gcc, r-devel-macos-x86_64, r-devel-windows-x86_64
These binaries (installable software) and packages are in development.
They may not be fully stable and should be used with caution. We make no claims about them.