Last updated on 2025-11-11 15:50:48 CET.
| Flavor | Version | Tinstall | Tcheck | Ttotal | Status | Flags |
|---|---|---|---|---|---|---|
| r-devel-linux-x86_64-debian-clang | 0.1.0 | 4.86 | 45.52 | 50.38 | OK | |
| r-devel-linux-x86_64-debian-gcc | 0.1.0 | 3.53 | 36.30 | 39.83 | OK | |
| r-devel-linux-x86_64-fedora-clang | 0.1.0 | 18.00 | 63.85 | 81.85 | OK | |
| r-devel-linux-x86_64-fedora-gcc | 0.1.0 | 11.00 | 72.34 | 83.34 | OK | |
| r-devel-windows-x86_64 | 0.1.0 | 6.00 | 60.00 | 66.00 | OK | |
| r-patched-linux-x86_64 | 0.1.0 | 5.11 | 43.69 | 48.80 | OK | |
| r-release-linux-x86_64 | 0.1.0 | 4.29 | 43.58 | 47.87 | OK | |
| r-release-macos-arm64 | 0.1.0 | 3.00 | 27.00 | 30.00 | OK | |
| r-release-macos-x86_64 | 0.1.0 | 5.00 | 42.00 | 47.00 | OK | |
| r-release-windows-x86_64 | 0.1.0 | 6.00 | 59.00 | 65.00 | OK | |
| r-oldrel-macos-arm64 | 0.1.0 | 2.00 | 24.00 | 26.00 | NOTE | |
| r-oldrel-macos-x86_64 | 0.1.0 | 5.00 | 34.00 | 39.00 | NOTE | |
| r-oldrel-windows-x86_64 | 0.1.0 | 8.00 | 72.00 | 80.00 | OK |
Version: 0.1.0
Check: package dependencies
Result: NOTE
Package suggested but not available for checking: ‘INLA’
Flavors: r-oldrel-macos-arm64, r-oldrel-macos-x86_64
These binaries (installable software) and packages are in development.
They may not be fully stable and should be used with caution. We make no claims about them.