CRAN Package Check Results for Package SpatGC

Last updated on 2025-10-03 15:50:03 CEST.

Flavor Version Tinstall Tcheck Ttotal Status Flags
r-devel-linux-x86_64-debian-clang 0.1.0 4.55 45.92 50.47 OK
r-devel-linux-x86_64-debian-gcc 0.1.0 3.67 35.70 39.37 OK
r-devel-linux-x86_64-fedora-clang 0.1.0 82.49 OK
r-devel-linux-x86_64-fedora-gcc 0.1.0 85.25 OK
r-devel-windows-x86_64 0.1.0 6.00 60.00 66.00 OK
r-patched-linux-x86_64 0.1.0 4.47 43.92 48.39 OK
r-release-linux-x86_64 0.1.0 4.73 43.68 48.41 OK
r-release-macos-arm64 0.1.0 30.00 OK
r-release-macos-x86_64 0.1.0 47.00 OK
r-release-windows-x86_64 0.1.0 6.00 61.00 67.00 OK
r-oldrel-macos-arm64 0.1.0 26.00 NOTE
r-oldrel-macos-x86_64 0.1.0 39.00 NOTE
r-oldrel-windows-x86_64 0.1.0 7.00 72.00 79.00 OK

Check Details

Version: 0.1.0
Check: package dependencies
Result: NOTE Package suggested but not available for checking: ‘INLA’ Flavors: r-oldrel-macos-arm64, r-oldrel-macos-x86_64

These binaries (installable software) and packages are in development.
They may not be fully stable and should be used with caution. We make no claims about them.