Last updated on 2025-05-21 21:49:31 CEST.
Flavor | Version | Tinstall | Tcheck | Ttotal | Status | Flags |
---|---|---|---|---|---|---|
r-devel-linux-x86_64-debian-clang | 1.0.4 | 37.54 | 67.20 | 104.74 | OK | |
r-devel-linux-x86_64-debian-gcc | 1.0.4 | 31.21 | 47.97 | 79.18 | OK | |
r-devel-linux-x86_64-fedora-clang | 1.0.4 | 189.38 | OK | |||
r-devel-linux-x86_64-fedora-gcc | 1.0.4 | 196.88 | OK | |||
r-devel-windows-x86_64 | 1.0.4 | 52.00 | 100.00 | 152.00 | OK | |
r-patched-linux-x86_64 | 1.0.4 | 42.70 | 62.42 | 105.12 | OK | |
r-release-linux-x86_64 | 1.0.4 | 42.37 | 61.83 | 104.20 | OK | |
r-release-macos-arm64 | 1.0.4 | 45.00 | OK | |||
r-release-macos-x86_64 | 1.0.4 | 87.00 | OK | |||
r-release-windows-x86_64 | 1.0.4 | 49.00 | 100.00 | 149.00 | OK | |
r-oldrel-macos-arm64 | 1.0.4 | 33.00 | NOTE | |||
r-oldrel-macos-x86_64 | 1.0.4 | 50.00 | NOTE | |||
r-oldrel-windows-x86_64 | 1.0.4 | 57.00 | 119.00 | 176.00 | NOTE |
Version: 1.0.4
Check: for GNU extensions in Makefiles
Result: NOTE
GNU make is a SystemRequirements.
Flavors: r-oldrel-macos-arm64, r-oldrel-macos-x86_64, r-oldrel-windows-x86_64
These binaries (installable software) and packages are in development.
They may not be fully stable and should be used with caution. We make no claims about them.