CRAN Package Check Results for Package SpatPCA

Last updated on 2025-05-21 21:49:31 CEST.

Flavor Version Tinstall Tcheck Ttotal Status Flags
r-devel-linux-x86_64-debian-clang 1.3.5 34.84 101.51 136.35 OK
r-devel-linux-x86_64-debian-gcc 1.3.5 27.12 81.76 108.88 OK
r-devel-linux-x86_64-fedora-clang 1.3.5 228.05 OK
r-devel-linux-x86_64-fedora-gcc 1.3.5 249.90 OK
r-devel-windows-x86_64 1.3.5 46.00 116.00 162.00 OK
r-patched-linux-x86_64 1.3.5 35.17 103.22 138.39 OK
r-release-linux-x86_64 1.3.5 37.20 103.36 140.56 OK
r-release-macos-arm64 1.3.5 60.00 OK
r-release-macos-x86_64 1.3.5 114.00 OK
r-release-windows-x86_64 1.3.5 45.00 112.00 157.00 OK
r-oldrel-macos-arm64 1.3.5 42.00 NOTE
r-oldrel-macos-x86_64 1.3.5 64.00 NOTE
r-oldrel-windows-x86_64 1.3.5 51.00 144.00 195.00 NOTE

Check Details

Version: 1.3.5
Check: installed package size
Result: NOTE installed size is 6.0Mb sub-directories of 1Mb or more: doc 1.8Mb libs 4.1Mb Flavors: r-oldrel-macos-arm64, r-oldrel-macos-x86_64

Version: 1.3.5
Check: for GNU extensions in Makefiles
Result: NOTE GNU make is a SystemRequirements. Flavors: r-oldrel-macos-arm64, r-oldrel-macos-x86_64, r-oldrel-windows-x86_64

These binaries (installable software) and packages are in development.
They may not be fully stable and should be used with caution. We make no claims about them.