Last updated on 2025-02-16 12:53:53 CET.
Flavor | Version | Tinstall | Tcheck | Ttotal | Status | Flags |
---|---|---|---|---|---|---|
r-devel-linux-x86_64-debian-clang | 1.3.5 | 33.18 | 94.31 | 127.49 | OK | |
r-devel-linux-x86_64-debian-gcc | 1.3.5 | 25.08 | 76.75 | 101.83 | OK | |
r-devel-linux-x86_64-fedora-clang | 1.3.5 | 225.89 | OK | |||
r-devel-linux-x86_64-fedora-gcc | 1.3.5 | 245.72 | OK | |||
r-devel-macos-arm64 | 1.3.5 | 63.00 | OK | |||
r-devel-macos-x86_64 | 1.3.5 | 138.00 | OK | |||
r-devel-windows-x86_64 | 1.3.5 | 40.00 | 112.00 | 152.00 | OK | |
r-patched-linux-x86_64 | 1.3.5 | 34.14 | 96.94 | 131.08 | NOTE | |
r-release-linux-x86_64 | 1.3.5 | 37.11 | 95.76 | 132.87 | NOTE | |
r-release-macos-arm64 | 1.3.5 | 42.00 | NOTE | |||
r-release-macos-x86_64 | 1.3.5 | 64.00 | NOTE | |||
r-release-windows-x86_64 | 1.3.5 | 40.00 | 113.00 | 153.00 | NOTE | |
r-oldrel-macos-arm64 | 1.3.5 | 60.00 | NOTE | |||
r-oldrel-macos-x86_64 | 1.3.5 | 128.00 | NOTE | |||
r-oldrel-windows-x86_64 | 1.3.5 | 48.00 | 137.00 | 185.00 | NOTE |
Version: 1.3.5
Check: for GNU extensions in Makefiles
Result: NOTE
GNU make is a SystemRequirements.
Flavors: r-patched-linux-x86_64, r-release-linux-x86_64, r-release-macos-arm64, r-release-macos-x86_64, r-release-windows-x86_64, r-oldrel-macos-arm64, r-oldrel-macos-x86_64, r-oldrel-windows-x86_64
Version: 1.3.5
Check: installed package size
Result: NOTE
installed size is 6.0Mb
sub-directories of 1Mb or more:
doc 1.8Mb
libs 4.1Mb
Flavors: r-release-macos-arm64, r-release-macos-x86_64, r-oldrel-macos-arm64, r-oldrel-macos-x86_64
These binaries (installable software) and packages are in development.
They may not be fully stable and should be used with caution. We make no claims about them.