Last updated on 2024-07-27 15:50:34 CEST.
Flavor | Version | Tinstall | Tcheck | Ttotal | Status | Flags |
---|---|---|---|---|---|---|
r-devel-linux-x86_64-debian-clang | 1.3.5 | 41.39 | 118.47 | 159.86 | NOTE | |
r-devel-linux-x86_64-debian-gcc | 1.3.5 | NOTE | ||||
r-devel-linux-x86_64-fedora-clang | 1.3.5 | 238.62 | NOTE | |||
r-devel-linux-x86_64-fedora-gcc | 1.3.5 | 248.61 | NOTE | |||
r-devel-windows-x86_64 | 1.3.5 | 44.00 | 114.00 | 158.00 | NOTE | |
r-patched-linux-x86_64 | 1.3.5 | NOTE | ||||
r-release-linux-x86_64 | 1.3.5 | 37.69 | 124.74 | 162.43 | NOTE | |
r-release-macos-arm64 | 1.3.5 | 60.00 | NOTE | |||
r-release-macos-x86_64 | 1.3.5 | 97.00 | NOTE | |||
r-release-windows-x86_64 | 1.3.5 | 44.00 | 108.00 | 152.00 | NOTE | |
r-oldrel-macos-arm64 | 1.3.5 | 60.00 | NOTE | |||
r-oldrel-macos-x86_64 | 1.3.5 | 128.00 | NOTE | |||
r-oldrel-windows-x86_64 | 1.3.5 | 50.00 | 135.00 | 185.00 | NOTE |
Version: 1.3.5
Check: for GNU extensions in Makefiles
Result: NOTE
GNU make is a SystemRequirements.
Flavors: r-devel-linux-x86_64-debian-clang, r-devel-linux-x86_64-debian-gcc, r-devel-linux-x86_64-fedora-clang, r-devel-linux-x86_64-fedora-gcc, r-devel-windows-x86_64, r-patched-linux-x86_64, r-release-linux-x86_64, r-release-macos-arm64, r-release-macos-x86_64, r-release-windows-x86_64, r-oldrel-macos-arm64, r-oldrel-macos-x86_64, r-oldrel-windows-x86_64
Version: 1.3.5
Check: installed package size
Result: NOTE
installed size is 6.0Mb
sub-directories of 1Mb or more:
doc 1.8Mb
libs 4.1Mb
Flavors: r-release-macos-arm64, r-release-macos-x86_64, r-oldrel-macos-arm64, r-oldrel-macos-x86_64
These binaries (installable software) and packages are in development.
They may not be fully stable and should be used with caution. We make no claims about them.