Last updated on 2025-11-12 19:52:05 CET.
| Flavor | Version | Tinstall | Tcheck | Ttotal | Status | Flags |
|---|---|---|---|---|---|---|
| r-devel-linux-x86_64-debian-clang | 1.3.8 | 32.98 | 98.17 | 131.15 | OK | |
| r-devel-linux-x86_64-debian-gcc | 1.3.8 | 23.30 | 76.48 | 99.78 | OK | |
| r-devel-linux-x86_64-fedora-clang | 1.3.8 | 68.00 | 145.78 | 213.78 | OK | |
| r-devel-linux-x86_64-fedora-gcc | 1.3.8 | 80.00 | 144.77 | 224.77 | OK | |
| r-devel-windows-x86_64 | 1.3.8 | 42.00 | 126.00 | 168.00 | OK | |
| r-patched-linux-x86_64 | 1.3.8 | 33.81 | 99.49 | 133.30 | OK | |
| r-release-linux-x86_64 | 1.3.8 | 34.67 | 99.62 | 134.29 | OK | |
| r-release-macos-arm64 | 1.3.8 | 21.00 | 163.00 | 184.00 | OK | |
| r-release-macos-x86_64 | 1.3.8 | 58.00 | 257.00 | 315.00 | OK | |
| r-release-windows-x86_64 | 1.3.8 | 40.00 | 127.00 | 167.00 | OK | |
| r-oldrel-macos-arm64 | 1.3.8 | 17.00 | 84.00 | 101.00 | NOTE | |
| r-oldrel-macos-x86_64 | 1.3.8 | 67.00 | 257.00 | 324.00 | NOTE | |
| r-oldrel-windows-x86_64 | 1.3.8 | 49.00 | 171.00 | 220.00 | NOTE |
Version: 1.3.8
Check: for GNU extensions in Makefiles
Result: NOTE
GNU make is a SystemRequirements.
Flavors: r-oldrel-macos-arm64, r-oldrel-macos-x86_64, r-oldrel-windows-x86_64
Version: 1.3.8
Check: installed package size
Result: NOTE
installed size is 5.0Mb
sub-directories of 1Mb or more:
libs 4.5Mb
Flavor: r-oldrel-macos-x86_64
These binaries (installable software) and packages are in development.
They may not be fully stable and should be used with caution. We make no claims about them.