Last updated on 2025-05-01 08:52:47 CEST.
Flavor | Version | Tinstall | Tcheck | Ttotal | Status | Flags |
---|---|---|---|---|---|---|
r-devel-linux-x86_64-debian-clang | 0.16-0 | 44.48 | 75.11 | 119.59 | NOTE | |
r-devel-linux-x86_64-debian-gcc | 0.16-0 | 29.25 | 53.88 | 83.13 | OK | |
r-devel-linux-x86_64-fedora-clang | 0.16-0 | 208.78 | OK | |||
r-devel-linux-x86_64-fedora-gcc | 0.16-0 | 207.82 | OK | |||
r-devel-windows-x86_64 | 0.16-0 | 53.00 | 133.00 | 186.00 | OK | |
r-patched-linux-x86_64 | 0.16-0 | 42.32 | 68.63 | 110.95 | OK | |
r-release-linux-x86_64 | OK | |||||
r-release-macos-arm64 | 0.16-0 | 71.00 | OK | |||
r-release-macos-x86_64 | 0.16-0 | 156.00 | OK | |||
r-release-windows-x86_64 | 0.16-0 | 52.00 | 133.00 | 185.00 | OK | |
r-oldrel-macos-arm64 | 0.16-0 | 68.00 | OK | |||
r-oldrel-macos-x86_64 | 0.16-0 | 150.00 | OK | |||
r-oldrel-windows-x86_64 | 0.16-0 | 60.00 | 158.00 | 218.00 | OK |
Version: 0.16-0
Check: examples
Result: NOTE
Examples with CPU (user + system) or elapsed time > 5s
user system elapsed
sbss_boot 4.989 0.046 6.207
Flavor: r-devel-linux-x86_64-debian-clang
These binaries (installable software) and packages are in development.
They may not be fully stable and should be used with caution. We make no claims about them.