Last updated on 2025-02-16 10:50:59 CET.
Flavor | Version | Tinstall | Tcheck | Ttotal | Status | Flags |
---|---|---|---|---|---|---|
r-devel-linux-x86_64-debian-clang | 1.0.3 | 39.75 | 426.88 | 466.63 | NOTE | |
r-devel-linux-x86_64-debian-gcc | 1.0.3 | 28.51 | 306.52 | 335.03 | NOTE | |
r-devel-linux-x86_64-fedora-clang | 1.0.3 | 822.94 | NOTE | |||
r-devel-linux-x86_64-fedora-gcc | 1.0.3 | 740.07 | NOTE | |||
r-devel-macos-arm64 | 1.0.3 | 194.00 | OK | |||
r-devel-macos-x86_64 | 1.0.3 | 354.00 | NOTE | |||
r-devel-windows-x86_64 | 1.0.3 | 51.00 | 648.00 | 699.00 | NOTE | |
r-patched-linux-x86_64 | 1.0.3 | 41.61 | 382.08 | 423.69 | OK | |
r-release-linux-x86_64 | 1.0.3 | 37.82 | 383.09 | 420.91 | OK | |
r-release-macos-arm64 | 1.0.3 | 137.00 | OK | |||
r-release-macos-x86_64 | 1.0.3 | 228.00 | OK | |||
r-release-windows-x86_64 | 1.0.3 | 51.00 | 686.00 | 737.00 | OK | |
r-oldrel-macos-arm64 | 1.0.3 | 10.00 | ERROR | |||
r-oldrel-macos-x86_64 | 1.0.3 | 11.00 | ERROR | |||
r-oldrel-windows-x86_64 | 1.0.3 | 60.00 | 630.00 | 690.00 | OK |
Version: 1.0.3
Check: DESCRIPTION meta-information
Result: NOTE
Missing dependency on R >= 4.1.0 because package code uses the pipe
|> or function shorthand \(...) syntax added in R 4.1.0.
File(s) using such syntax:
‘dnnModel.R’ ‘interGradientsDL.R’ ‘loadData.R’ ‘spatialClustering.R’
Flavors: r-devel-linux-x86_64-debian-clang, r-devel-linux-x86_64-debian-gcc, r-devel-linux-x86_64-fedora-clang, r-devel-linux-x86_64-fedora-gcc, r-devel-macos-x86_64, r-devel-windows-x86_64
Version: 1.0.3
Check: package dependencies
Result: ERROR
Package required but not available: ‘SpatialExperiment’
Package suggested but not available for checking: ‘HDF5Array’
See section ‘The DESCRIPTION file’ in the ‘Writing R Extensions’
manual.
Flavors: r-oldrel-macos-arm64, r-oldrel-macos-x86_64
These binaries (installable software) and packages are in development.
They may not be fully stable and should be used with caution. We make no claims about them.