Last updated on 2025-05-08 04:52:19 CEST.
Flavor | Version | Tinstall | Tcheck | Ttotal | Status | Flags |
---|---|---|---|---|---|---|
r-devel-linux-x86_64-debian-clang | 1.0.3 | 43.48 | 432.53 | 476.01 | NOTE | |
r-devel-linux-x86_64-debian-gcc | 1.0.3 | 30.22 | 310.18 | 340.40 | NOTE | |
r-devel-linux-x86_64-fedora-clang | 1.0.3 | 776.56 | NOTE | |||
r-devel-linux-x86_64-fedora-gcc | 1.0.3 | 756.46 | NOTE | |||
r-devel-windows-x86_64 | 1.0.3 | 55.00 | 578.00 | 633.00 | NOTE | |
r-patched-linux-x86_64 | 1.0.3 | 40.58 | 403.32 | 443.90 | NOTE | |
r-release-linux-x86_64 | 1.0.3 | 42.89 | 402.44 | 445.33 | NOTE | |
r-release-macos-arm64 | 1.0.3 | 184.00 | NOTE | |||
r-release-macos-x86_64 | 1.0.3 | 354.00 | NOTE | |||
r-release-windows-x86_64 | 1.0.3 | 53.00 | 536.00 | 589.00 | NOTE | |
r-oldrel-macos-arm64 | 1.0.3 | 137.00 | OK | |||
r-oldrel-macos-x86_64 | 1.0.3 | 228.00 | OK | |||
r-oldrel-windows-x86_64 | 1.0.3 | 61.00 | 647.00 | 708.00 | OK |
Version: 1.0.3
Check: DESCRIPTION meta-information
Result: NOTE
Missing dependency on R >= 4.1.0 because package code uses the pipe
|> or function shorthand \(...) syntax added in R 4.1.0.
File(s) using such syntax:
‘dnnModel.R’ ‘interGradientsDL.R’ ‘loadData.R’ ‘spatialClustering.R’
Flavors: r-devel-linux-x86_64-debian-clang, r-devel-linux-x86_64-debian-gcc, r-devel-linux-x86_64-fedora-clang, r-devel-linux-x86_64-fedora-gcc, r-devel-windows-x86_64, r-patched-linux-x86_64, r-release-linux-x86_64, r-release-macos-arm64, r-release-macos-x86_64, r-release-windows-x86_64
These binaries (installable software) and packages are in development.
They may not be fully stable and should be used with caution. We make no claims about them.