Last updated on 2025-07-25 17:50:08 CEST.
Flavor | Version | Tinstall | Tcheck | Ttotal | Status | Flags |
---|---|---|---|---|---|---|
r-devel-linux-x86_64-debian-clang | 1.0.3 | 41.37 | 425.81 | 467.18 | NOTE | |
r-devel-linux-x86_64-debian-gcc | 1.0.3 | 31.30 | 297.30 | 328.60 | NOTE | |
r-devel-linux-x86_64-fedora-clang | 1.0.3 | 752.55 | NOTE | |||
r-devel-linux-x86_64-fedora-gcc | 1.0.3 | 730.00 | NOTE | |||
r-devel-windows-x86_64 | 1.0.3 | 52.00 | 533.00 | 585.00 | NOTE | |
r-patched-linux-x86_64 | 1.0.3 | 41.77 | 402.19 | 443.96 | NOTE | |
r-release-linux-x86_64 | 1.0.3 | 37.37 | 397.88 | 435.25 | NOTE | |
r-release-macos-arm64 | 1.0.3 | 184.00 | NOTE | |||
r-release-macos-x86_64 | 1.0.3 | 354.00 | NOTE | |||
r-release-windows-x86_64 | 1.0.3 | 53.00 | 516.00 | 569.00 | NOTE | |
r-oldrel-macos-arm64 | 1.0.3 | 137.00 | OK | |||
r-oldrel-macos-x86_64 | 1.0.3 | 228.00 | OK | |||
r-oldrel-windows-x86_64 | 1.0.3 | 60.00 | 546.00 | 606.00 | OK |
Version: 1.0.3
Check: DESCRIPTION meta-information
Result: NOTE
Missing dependency on R >= 4.1.0 because package code uses the pipe
|> or function shorthand \(...) syntax added in R 4.1.0.
File(s) using such syntax:
‘dnnModel.R’ ‘interGradientsDL.R’ ‘loadData.R’ ‘spatialClustering.R’
Flavors: r-devel-linux-x86_64-debian-clang, r-devel-linux-x86_64-debian-gcc, r-devel-linux-x86_64-fedora-clang, r-devel-linux-x86_64-fedora-gcc, r-devel-windows-x86_64, r-patched-linux-x86_64, r-release-linux-x86_64, r-release-macos-arm64, r-release-macos-x86_64, r-release-windows-x86_64
These binaries (installable software) and packages are in development.
They may not be fully stable and should be used with caution. We make no claims about them.