Last updated on 2025-11-11 17:50:14 CET.
| Flavor | Version | Tinstall | Tcheck | Ttotal | Status | Flags |
|---|---|---|---|---|---|---|
| r-devel-linux-x86_64-debian-clang | 1.0.1 | 138.66 | 73.67 | 212.33 | OK | |
| r-devel-linux-x86_64-debian-gcc | 1.0.1 | 135.64 | 54.74 | 190.38 | OK | |
| r-devel-linux-x86_64-fedora-clang | 1.0.1 | 428.00 | -95.55 | 332.45 | OK | |
| r-devel-linux-x86_64-fedora-gcc | 1.0.1 | 443.00 | 41.85 | 484.85 | OK | |
| r-devel-windows-x86_64 | 1.0.1 | 150.00 | 117.00 | 267.00 | OK | |
| r-patched-linux-x86_64 | 1.0.1 | 179.70 | 71.63 | 251.33 | OK | |
| r-release-linux-x86_64 | 1.0.1 | 188.37 | 72.75 | 261.12 | OK | |
| r-release-macos-arm64 | 1.0.1 | 73.00 | 53.00 | 126.00 | OK | |
| r-release-macos-x86_64 | 1.0.1 | 151.00 | 97.00 | 248.00 | OK | |
| r-release-windows-x86_64 | 1.0.1 | 145.00 | 117.00 | 262.00 | OK | |
| r-oldrel-macos-arm64 | 1.0.1 | 63.00 | 56.00 | 119.00 | NOTE | |
| r-oldrel-macos-x86_64 | 1.0.1 | 203.00 | 114.00 | 317.00 | NOTE | |
| r-oldrel-windows-x86_64 | 1.0.1 | 187.00 | 149.00 | 336.00 | NOTE |
Version: 1.0.1
Check: package dependencies
Result: NOTE
Package suggested but not available for checking: ‘INLA’
Flavors: r-oldrel-macos-arm64, r-oldrel-macos-x86_64
Version: 1.0.1
Check: installed package size
Result: NOTE
installed size is 95.1Mb
sub-directories of 1Mb or more:
libs 94.2Mb
Flavors: r-oldrel-macos-arm64, r-oldrel-macos-x86_64, r-oldrel-windows-x86_64
These binaries (installable software) and packages are in development.
They may not be fully stable and should be used with caution. We make no claims about them.