CRAN Package Check Results for Package SpatialML

Last updated on 2025-07-19 13:50:26 CEST.

Flavor Version Tinstall Tcheck Ttotal Status Flags
r-devel-linux-x86_64-debian-clang 0.1.7 14.00 101.91 115.91 NOTE
r-devel-linux-x86_64-debian-gcc 0.1.7 8.88 70.95 79.83 NOTE
r-devel-linux-x86_64-fedora-clang 0.1.7 184.52 OK
r-devel-linux-x86_64-fedora-gcc 0.1.7 167.66 OK
r-devel-windows-x86_64 0.1.7 14.00 104.00 118.00 NOTE
r-patched-linux-x86_64 0.1.7 13.31 96.20 109.51 NOTE
r-release-linux-x86_64 0.1.7 11.65 94.84 106.49 NOTE
r-release-macos-arm64 0.1.7 45.00 OK
r-release-macos-x86_64 0.1.7 83.00 OK
r-release-windows-x86_64 0.1.7 14.00 103.00 117.00 NOTE
r-oldrel-macos-arm64 0.1.7 43.00 OK
r-oldrel-macos-x86_64 0.1.7 68.00 OK
r-oldrel-windows-x86_64 0.1.7 18.00 131.00 149.00 OK

Check Details

Version: 0.1.7
Check: Rd cross-references
Result: NOTE Found the following Rd file(s) with Rd \link{} targets missing package anchors: grf.Rd: ranger grf.bw.Rd: ranger Please provide package anchors for all Rd \link{} targets not in the package itself and the base packages. Flavors: r-devel-linux-x86_64-debian-clang, r-devel-linux-x86_64-debian-gcc, r-devel-windows-x86_64, r-patched-linux-x86_64, r-release-linux-x86_64, r-release-windows-x86_64

These binaries (installable software) and packages are in development.
They may not be fully stable and should be used with caution. We make no claims about them.