CRAN Package Check Results for Package SpatialML

Last updated on 2025-06-28 11:48:37 CEST.

Flavor Version Tinstall Tcheck Ttotal Status Flags
r-devel-linux-x86_64-debian-clang 0.1.7 13.36 102.39 115.75 NOTE
r-devel-linux-x86_64-debian-gcc 0.1.7 8.80 71.95 80.75 NOTE
r-devel-linux-x86_64-fedora-clang 0.1.7 182.77 OK
r-devel-linux-x86_64-fedora-gcc 0.1.7 168.78 OK
r-devel-windows-x86_64 0.1.7 15.00 105.00 120.00 NOTE
r-patched-linux-x86_64 NOTE
r-release-linux-x86_64 0.1.7 12.29 96.88 109.17 NOTE
r-release-macos-arm64 0.1.7 45.00 OK
r-release-macos-x86_64 0.1.7 83.00 OK
r-release-windows-x86_64 0.1.7 14.00 104.00 118.00 NOTE
r-oldrel-macos-arm64 0.1.7 43.00 OK
r-oldrel-macos-x86_64 0.1.7 68.00 OK
r-oldrel-windows-x86_64 0.1.7 19.00 132.00 151.00 OK

Check Details

Version: 0.1.7
Check: Rd cross-references
Result: NOTE Found the following Rd file(s) with Rd \link{} targets missing package anchors: grf.Rd: ranger grf.bw.Rd: ranger Please provide package anchors for all Rd \link{} targets not in the package itself and the base packages. Flavors: r-devel-linux-x86_64-debian-clang, r-devel-linux-x86_64-debian-gcc, r-devel-windows-x86_64, r-patched-linux-x86_64, r-release-linux-x86_64, r-release-windows-x86_64

These binaries (installable software) and packages are in development.
They may not be fully stable and should be used with caution. We make no claims about them.