Last updated on 2025-02-16 12:53:53 CET.
Flavor | Version | Tinstall | Tcheck | Ttotal | Status | Flags |
---|---|---|---|---|---|---|
r-devel-linux-x86_64-debian-clang | 2.1.2 | 26.48 | 420.94 | 447.42 | NOTE | |
r-devel-linux-x86_64-debian-gcc | 2.1.2 | 17.70 | 277.68 | 295.38 | NOTE | |
r-devel-linux-x86_64-fedora-clang | 2.1.2 | 802.77 | OK | |||
r-devel-linux-x86_64-fedora-gcc | 2.1.2 | 775.12 | OK | |||
r-devel-macos-arm64 | 2.1.2 | 174.00 | OK | |||
r-devel-macos-x86_64 | 2.1.2 | 408.00 | OK | |||
r-devel-windows-x86_64 | 2.1.2 | 27.00 | 451.00 | 478.00 | NOTE | |
r-patched-linux-x86_64 | 2.1.2 | 30.57 | 402.03 | 432.60 | OK | |
r-release-linux-x86_64 | 2.1.2 | 24.03 | 404.89 | 428.92 | OK | |
r-release-macos-arm64 | 2.1.2 | 156.00 | OK | |||
r-release-macos-x86_64 | 2.1.2 | 275.00 | OK | |||
r-release-windows-x86_64 | 2.1.2 | 25.00 | 361.00 | 386.00 | OK | |
r-oldrel-macos-arm64 | 2.1.2 | 198.00 | OK | |||
r-oldrel-macos-x86_64 | 2.1.2 | 419.00 | OK | |||
r-oldrel-windows-x86_64 | 2.1.2 | 35.00 | 585.00 | 620.00 | OK |
Version: 2.1.2
Check: Rd cross-references
Result: NOTE
Found the following Rd file(s) with Rd \link{} targets missing package
anchors:
rasterReilly.Rd: ratify
Please provide package anchors for all Rd \link{} targets not in the
package itself and the base packages.
Flavors: r-devel-linux-x86_64-debian-clang, r-devel-linux-x86_64-debian-gcc, r-devel-windows-x86_64
These binaries (installable software) and packages are in development.
They may not be fully stable and should be used with caution. We make no claims about them.