Last updated on 2025-02-19 16:51:05 CET.
Flavor | Version | Tinstall | Tcheck | Ttotal | Status | Flags |
---|---|---|---|---|---|---|
r-devel-linux-x86_64-debian-clang | 1.1 | 13.57 | 137.84 | 151.41 | OK | |
r-devel-linux-x86_64-debian-gcc | 1.1 | 10.11 | 97.53 | 107.64 | OK | |
r-devel-linux-x86_64-fedora-clang | 1.1 | 259.88 | OK | |||
r-devel-linux-x86_64-fedora-gcc | 1.1 | 265.20 | OK | |||
r-devel-macos-arm64 | 1.1 | 75.00 | OK | |||
r-devel-macos-x86_64 | 1.1 | 149.00 | OK | |||
r-devel-windows-x86_64 | 1.1 | 16.00 | 134.00 | 150.00 | OK | |
r-patched-linux-x86_64 | 1.1 | 13.81 | 128.21 | 142.02 | OK | |
r-release-linux-x86_64 | 1.1 | 13.93 | 128.23 | 142.16 | OK | |
r-release-macos-arm64 | 1.1 | 68.00 | OK | |||
r-release-macos-x86_64 | 1.1 | 107.00 | OK | |||
r-release-windows-x86_64 | 1.1 | 16.00 | 3.00 | 19.00 | FAIL | |
r-oldrel-macos-arm64 | 1.1 | 83.00 | OK | |||
r-oldrel-macos-x86_64 | 1.1 | 149.00 | OK | |||
r-oldrel-windows-x86_64 | 1.1 | 22.00 | 160.00 | 182.00 | OK |
Version: 1.1
Check: package dependencies
Result: FAIL
Flavor: r-release-windows-x86_64
These binaries (installable software) and packages are in development.
They may not be fully stable and should be used with caution. We make no claims about them.