CRAN Package Check Results for Package SpatialfdaR

Last updated on 2025-05-01 14:49:23 CEST.

Flavor Version Tinstall Tcheck Ttotal Status Flags
r-devel-linux-x86_64-debian-clang 1.0.0 10.51 97.52 108.03 NOTE
r-devel-linux-x86_64-debian-gcc 1.0.0 8.24 72.88 81.12 NOTE
r-devel-linux-x86_64-fedora-clang 1.0.0 174.22 NOTE
r-devel-linux-x86_64-fedora-gcc 1.0.0 181.95 NOTE
r-devel-windows-x86_64 1.0.0 12.00 105.00 117.00 NOTE
r-patched-linux-x86_64 1.0.0 10.08 93.75 103.83 NOTE
r-release-linux-x86_64 NOTE
r-release-macos-arm64 1.0.0 54.00 NOTE
r-release-macos-x86_64 1.0.0 105.00 NOTE
r-release-windows-x86_64 1.0.0 12.00 194.00 206.00 NOTE
r-oldrel-macos-arm64 1.0.0 45.00 NOTE
r-oldrel-macos-x86_64 1.0.0 84.00 NOTE
r-oldrel-windows-x86_64 1.0.0 15.00 134.00 149.00 NOTE

Check Details

Version: 1.0.0
Check: Rd files
Result: NOTE checkRd: (-1) create.FEM.basis.Rd:131: Lost braces in \enumerate; \value handles \item{}{} directly checkRd: (-1) create.FEM.basis.Rd:132: Lost braces in \enumerate; \value handles \item{}{} directly checkRd: (-1) create.FEM.basis.Rd:133-134: Lost braces in \enumerate; \value handles \item{}{} directly checkRd: (-1) create.FEM.basis.Rd:135-138: Lost braces in \enumerate; \value handles \item{}{} directly checkRd: (-1) create.FEM.basis.Rd:139-142: Lost braces in \enumerate; \value handles \item{}{} directly checkRd: (-1) create.FEM.basis.Rd:143-146: Lost braces in \enumerate; \value handles \item{}{} directly checkRd: (-1) makenodes.Rd:38-40: Lost braces in \itemize; \value handles \item{}{} directly checkRd: (-1) makenodes.Rd:41-48: Lost braces in \itemize; \value handles \item{}{} directly checkRd: (-1) makenodes.Rd:49-61: Lost braces in \itemize; \value handles \item{}{} directly checkRd: (-1) makenodes.Rd:62-64: Lost braces in \itemize; \value handles \item{}{} directly checkRd: (-1) makenodes.Rd:65-67: Lost braces in \itemize; \value handles \item{}{} directly checkRd: (-1) mass.FEM.Rd:17: Lost braces in \itemize; meant \describe ? checkRd: (-1) mass.FEM.Rd:18: Lost braces in \itemize; meant \describe ? checkRd: (-1) mass.FEM.Rd:19: Lost braces in \itemize; meant \describe ? checkRd: (-1) mass.FEM.Rd:20-21: Lost braces in \itemize; meant \describe ? checkRd: (-1) squareMesh.Rd:25: Lost braces in \itemize; \value handles \item{}{} directly checkRd: (-1) squareMesh.Rd:26-27: Lost braces in \itemize; \value handles \item{}{} directly checkRd: (-1) squareMesh.Rd:28-29: Lost braces in \itemize; \value handles \item{}{} directly checkRd: (-1) squareMesh_RL.Rd:28: Lost braces in \itemize; \value handles \item{}{} directly checkRd: (-1) squareMesh_RL.Rd:29-30: Lost braces in \itemize; \value handles \item{}{} directly checkRd: (-1) squareMesh_RL.Rd:31-32: Lost braces in \itemize; \value handles \item{}{} directly checkRd: (-1) stiff.FEM.Rd:17: Lost braces in \itemize; meant \describe ? checkRd: (-1) stiff.FEM.Rd:18: Lost braces in \itemize; meant \describe ? checkRd: (-1) stiff.FEM.Rd:19: Lost braces in \itemize; meant \describe ? checkRd: (-1) stiff.FEM.Rd:20-21: Lost braces in \itemize; meant \describe ? Flavors: r-devel-linux-x86_64-debian-clang, r-devel-linux-x86_64-debian-gcc, r-devel-linux-x86_64-fedora-clang, r-devel-linux-x86_64-fedora-gcc, r-devel-windows-x86_64, r-patched-linux-x86_64, r-release-linux-x86_64, r-release-macos-arm64, r-release-macos-x86_64, r-release-windows-x86_64, r-oldrel-macos-arm64, r-oldrel-macos-x86_64, r-oldrel-windows-x86_64

Version: 1.0.0
Check: Rd cross-references
Result: NOTE Found the following Rd file(s) with Rd \link{} targets missing package anchors: FEMdensity.Rd: basisfd smooth.FEM.basis.Rd: lambda2df, lambda2gcv, df2lambda Please provide package anchors for all Rd \link{} targets not in the package itself and the base packages. Flavors: r-devel-linux-x86_64-debian-clang, r-devel-linux-x86_64-debian-gcc, r-devel-windows-x86_64, r-patched-linux-x86_64, r-release-linux-x86_64, r-release-windows-x86_64

Version: 1.0.0
Check: examples
Result: NOTE Examples with CPU (user + system) or elapsed time > 5s user system elapsed smooth.FEM.density 3.927 0.085 5.371 Flavor: r-devel-linux-x86_64-debian-clang

These binaries (installable software) and packages are in development.
They may not be fully stable and should be used with caution. We make no claims about them.