Last updated on 2024-07-27 15:50:34 CEST.
Flavor | Version | Tinstall | Tcheck | Ttotal | Status | Flags |
---|---|---|---|---|---|---|
r-devel-linux-x86_64-debian-clang | 0.5-3 | 52.49 | 53.47 | 105.96 | NOTE | |
r-devel-linux-x86_64-debian-gcc | 0.5-3 | NOTE | ||||
r-devel-linux-x86_64-fedora-clang | 0.5-3 | 173.45 | NOTE | |||
r-devel-linux-x86_64-fedora-gcc | 0.5-3 | 139.72 | NOTE | |||
r-devel-windows-x86_64 | 0.5-3 | 41.00 | 83.00 | 124.00 | NOTE | |
r-patched-linux-x86_64 | 0.5-3 | NOTE | ||||
r-release-linux-x86_64 | 0.5-3 | 37.45 | 51.31 | 88.76 | NOTE | |
r-release-macos-arm64 | 0.5-3 | 37.00 | NOTE | |||
r-release-macos-x86_64 | 0.5-3 | 46.00 | NOTE | |||
r-release-windows-x86_64 | 0.5-3 | 53.00 | 87.00 | 140.00 | NOTE | |
r-oldrel-macos-arm64 | 0.5-3 | 42.00 | OK | |||
r-oldrel-macos-x86_64 | 0.5-3 | 71.00 | OK | |||
r-oldrel-windows-x86_64 | 0.5-3 | 49.00 | 97.00 | 146.00 | OK |
Version: 0.5-3
Check: Rd files
Result: NOTE
checkRd: (-1) FitAkdParameters.Rd:23: Lost braces; missing escapes or markup?
23 | p(y|ens) = 1 / K * sum {dnorm(y, z.i, s)} \cr
| ^
Flavors: r-devel-linux-x86_64-debian-clang, r-devel-linux-x86_64-debian-gcc, r-devel-linux-x86_64-fedora-clang, r-devel-linux-x86_64-fedora-gcc, r-devel-windows-x86_64, r-patched-linux-x86_64, r-release-linux-x86_64, r-release-macos-arm64, r-release-macos-x86_64, r-release-windows-x86_64
These binaries (installable software) and packages are in development.
They may not be fully stable and should be used with caution. We make no claims about them.