Last updated on 2025-05-21 21:49:31 CEST.
Flavor | Version | Tinstall | Tcheck | Ttotal | Status | Flags |
---|---|---|---|---|---|---|
r-devel-linux-x86_64-debian-clang | 0.5-3 | 34.56 | 41.54 | 76.10 | NOTE | |
r-devel-linux-x86_64-debian-gcc | 0.5-3 | 24.96 | 29.88 | 54.84 | NOTE | |
r-devel-linux-x86_64-fedora-clang | 0.5-3 | 148.74 | NOTE | |||
r-devel-linux-x86_64-fedora-gcc | 0.5-3 | 137.51 | NOTE | |||
r-devel-windows-x86_64 | 0.5-3 | 46.00 | 85.00 | 131.00 | NOTE | |
r-patched-linux-x86_64 | 0.5-3 | 36.28 | 39.84 | 76.12 | NOTE | |
r-release-linux-x86_64 | 0.5-3 | 32.59 | 39.05 | 71.64 | NOTE | |
r-release-macos-arm64 | 0.5-3 | 38.00 | NOTE | |||
r-release-macos-x86_64 | 0.5-3 | 51.00 | NOTE | |||
r-release-windows-x86_64 | 0.5-3 | 45.00 | 89.00 | 134.00 | NOTE | |
r-oldrel-macos-arm64 | 0.5-3 | 37.00 | NOTE | |||
r-oldrel-macos-x86_64 | 0.5-3 | 46.00 | NOTE | |||
r-oldrel-windows-x86_64 | 0.5-3 | 53.00 | 98.00 | 151.00 | NOTE |
Version: 0.5-3
Check: Rd files
Result: NOTE
checkRd: (-1) FitAkdParameters.Rd:23: Lost braces; missing escapes or markup?
23 | p(y|ens) = 1 / K * sum {dnorm(y, z.i, s)} \cr
| ^
Flavors: r-devel-linux-x86_64-debian-clang, r-devel-linux-x86_64-debian-gcc, r-devel-linux-x86_64-fedora-clang, r-devel-linux-x86_64-fedora-gcc, r-devel-windows-x86_64, r-patched-linux-x86_64, r-release-linux-x86_64, r-release-macos-arm64, r-release-macos-x86_64, r-release-windows-x86_64, r-oldrel-macos-arm64, r-oldrel-macos-x86_64, r-oldrel-windows-x86_64
These binaries (installable software) and packages are in development.
They may not be fully stable and should be used with caution. We make no claims about them.