CRAN Package Check Results for Package Spectran

Last updated on 2025-05-01 12:49:42 CEST.

Flavor Version Tinstall Tcheck Ttotal Status Flags
r-devel-linux-x86_64-debian-clang 1.0.6 7.39 33.93 41.32 NOTE
r-devel-linux-x86_64-debian-gcc 1.0.6 4.26 25.32 29.58 NOTE
r-devel-linux-x86_64-fedora-clang 1.0.6 66.58 NOTE
r-devel-linux-x86_64-fedora-gcc 1.0.6 61.69 NOTE
r-devel-windows-x86_64 1.0.6 9.00 49.00 58.00 NOTE
r-patched-linux-x86_64 1.0.6 7.39 31.35 38.74 NOTE
r-release-linux-x86_64 NOTE
r-release-macos-arm64 1.0.6 23.00 NOTE
r-release-macos-x86_64 1.0.6 39.00 NOTE
r-release-windows-x86_64 1.0.6 9.00 51.00 60.00 NOTE
r-oldrel-macos-arm64 1.0.6 23.00 OK
r-oldrel-macos-x86_64 1.0.6 59.00 OK
r-oldrel-windows-x86_64 1.0.6 11.00 56.00 67.00 OK

Check Details

Version: 1.0.6
Check: DESCRIPTION meta-information
Result: NOTE Author field differs from that derived from Authors@R Author: ‘Johannes Zauner [aut, cre, cph] (<https://orcid.org/0000-0003-2171-4566>), LiTG [fnd, cph] (www.litg.de)’ Authors@R: ‘Johannes Zauner [aut, cre, cph] (ORCID: <https://orcid.org/0000-0003-2171-4566>), LiTG [fnd, cph] (URL: www.litg.de)’ Missing dependency on R >= 4.1.0 because package code uses the pipe |> or function shorthand \(...) syntax added in R 4.1.0. File(s) using such syntax: ‘analysis_age.R’ ‘analysis_alpha.R’ ‘analysis_helpers.R’ ‘analysis_helpers_table.R’ ‘analysis_photo.R’ ‘analysis_radio.R’ ‘analysis_setup.R’ ‘export_Output_Settings.R’ ‘export_download.R’ ‘export_helpers.R’ ‘export_helpers_plot.R’ ‘export_helpers_table.R’ ‘import_examples.R’ ‘import_examples_box.R’ Flavors: r-devel-linux-x86_64-debian-clang, r-devel-linux-x86_64-debian-gcc

Version: 1.0.6
Check: DESCRIPTION meta-information
Result: NOTE Missing dependency on R >= 4.1.0 because package code uses the pipe |> or function shorthand \(...) syntax added in R 4.1.0. File(s) using such syntax: ‘analysis_age.R’ ‘analysis_alpha.R’ ‘analysis_helpers.R’ ‘analysis_helpers_table.R’ ‘analysis_photo.R’ ‘analysis_radio.R’ ‘analysis_setup.R’ ‘export_Output_Settings.R’ ‘export_download.R’ ‘export_helpers.R’ ‘export_helpers_plot.R’ ‘export_helpers_table.R’ ‘import_examples.R’ ‘import_examples_box.R’ Flavors: r-devel-linux-x86_64-fedora-clang, r-devel-linux-x86_64-fedora-gcc, r-devel-windows-x86_64, r-patched-linux-x86_64, r-release-linux-x86_64, r-release-macos-arm64, r-release-macos-x86_64, r-release-windows-x86_64

These binaries (installable software) and packages are in development.
They may not be fully stable and should be used with caution. We make no claims about them.