Last updated on 2025-05-01 14:49:23 CEST.
Flavor | Version | Tinstall | Tcheck | Ttotal | Status | Flags |
---|---|---|---|---|---|---|
r-devel-linux-x86_64-debian-clang | 1.1 | 7.45 | 57.53 | 64.98 | NOTE | |
r-devel-linux-x86_64-debian-gcc | 1.1 | 5.00 | 41.18 | 46.18 | NOTE | |
r-devel-linux-x86_64-fedora-clang | 1.1 | 89.41 | OK | |||
r-devel-linux-x86_64-fedora-gcc | 1.1 | 331.64 | OK | |||
r-devel-windows-x86_64 | 1.1 | 9.00 | 70.00 | 79.00 | OK | |
r-patched-linux-x86_64 | 1.1 | 6.76 | 52.03 | 58.79 | OK | |
r-release-linux-x86_64 | OK | |||||
r-release-macos-arm64 | 1.1 | 90.00 | OK | |||
r-release-macos-x86_64 | 1.1 | 185.00 | OK | |||
r-release-windows-x86_64 | 1.1 | 9.00 | 73.00 | 82.00 | OK | |
r-oldrel-macos-arm64 | 1.1 | 68.00 | OK | |||
r-oldrel-macos-x86_64 | 1.1 | 118.00 | OK | |||
r-oldrel-windows-x86_64 | 1.1 | 11.00 | 93.00 | 104.00 | OK |
Version: 1.1
Check: CRAN incoming feasibility
Result: NOTE
Maintainer: ‘Christopher R John <chris.r.john86@gmail.com>’
No Authors@R field in DESCRIPTION.
Please add one, modifying
Authors@R: c(person(given = c("Christopher", "R"),
family = "John",
role = c("aut", "cre"),
email = "chris.r.john86@gmail.com"),
person(given = "David",
family = "Watson",
role = "aut"))
as necessary.
Flavors: r-devel-linux-x86_64-debian-clang, r-devel-linux-x86_64-debian-gcc
These binaries (installable software) and packages are in development.
They may not be fully stable and should be used with caution. We make no claims about them.