Last updated on 2025-11-13 21:50:10 CET.
| Flavor | Version | Tinstall | Tcheck | Ttotal | Status | Flags |
|---|---|---|---|---|---|---|
| r-devel-linux-x86_64-debian-clang | 0.1.1 | 6.85 | 271.13 | 277.98 | NOTE | |
| r-devel-linux-x86_64-debian-gcc | 0.1.1 | 5.17 | 167.82 | 172.99 | NOTE | |
| r-devel-linux-x86_64-fedora-clang | 0.1.1 | 16.00 | 424.07 | 440.07 | OK | |
| r-devel-linux-x86_64-fedora-gcc | 0.1.1 | 16.00 | 428.01 | 444.01 | OK | |
| r-devel-windows-x86_64 | 0.1.1 | 12.00 | 225.00 | 237.00 | OK | |
| r-patched-linux-x86_64 | 0.1.1 | 7.53 | 260.98 | 268.51 | OK | |
| r-release-linux-x86_64 | 0.1.1 | 8.11 | 264.23 | 272.34 | OK | |
| r-release-macos-arm64 | 0.1.1 | 3.00 | 143.00 | 146.00 | OK | |
| r-release-macos-x86_64 | 0.1.1 | 6.00 | 330.00 | 336.00 | OK | |
| r-release-windows-x86_64 | 0.1.1 | 11.00 | 229.00 | 240.00 | OK | |
| r-oldrel-macos-arm64 | 0.1.1 | 3.00 | 138.00 | 141.00 | OK | |
| r-oldrel-macos-x86_64 | 0.1.1 | 6.00 | 260.00 | 266.00 | OK | |
| r-oldrel-windows-x86_64 | 0.1.1 | 13.00 | 334.00 | 347.00 | OK |
Version: 0.1.1
Check: CRAN incoming feasibility
Result: NOTE
Maintainer: ‘Jilber Urbina <JilberUrbina@gmail.com>’
No Authors@R field in DESCRIPTION.
Please add one, modifying
Authors@R: person(given = "Jilber",
family = "Urbina",
role = c("aut", "cre"),
email = "jilberurbina@gmail.com")
as necessary.
Flavors: r-devel-linux-x86_64-debian-clang, r-devel-linux-x86_64-debian-gcc
These binaries (installable software) and packages are in development.
They may not be fully stable and should be used with caution. We make no claims about them.