Last updated on 2025-05-01 08:52:47 CEST.
Flavor | Version | Tinstall | Tcheck | Ttotal | Status | Flags |
---|---|---|---|---|---|---|
r-devel-linux-x86_64-debian-clang | 1.0.6 | 75.58 | 29.38 | 104.96 | OK | |
r-devel-linux-x86_64-debian-gcc | 1.0.6 | 53.33 | 23.87 | 77.20 | OK | |
r-devel-linux-x86_64-fedora-clang | 1.0.6 | 200.19 | OK | |||
r-devel-linux-x86_64-fedora-gcc | 1.0.6 | 191.78 | OK | |||
r-devel-windows-x86_64 | 1.0.6 | 92.00 | 63.00 | 155.00 | OK | |
r-patched-linux-x86_64 | 1.0.6 | 72.22 | 27.01 | 99.23 | OK | |
r-release-linux-x86_64 | OK | |||||
r-release-macos-arm64 | 1.0.6 | 50.00 | OK | |||
r-release-macos-x86_64 | 1.0.6 | 78.00 | OK | |||
r-release-windows-x86_64 | 1.0.6 | 93.00 | 62.00 | 155.00 | OK | |
r-oldrel-macos-arm64 | 1.0.6 | 55.00 | NOTE | |||
r-oldrel-macos-x86_64 | 1.0.6 | 73.00 | NOTE | |||
r-oldrel-windows-x86_64 | 1.0.6 | 103.00 | 83.00 | 186.00 | OK |
Version: 1.0.6
Check: installed package size
Result: NOTE
installed size is 5.2Mb
sub-directories of 1Mb or more:
libs 5.0Mb
Flavors: r-oldrel-macos-arm64, r-oldrel-macos-x86_64
These binaries (installable software) and packages are in development.
They may not be fully stable and should be used with caution. We make no claims about them.