Last updated on 2025-10-03 11:51:03 CEST.
Flavor | Version | Tinstall | Tcheck | Ttotal | Status | Flags |
---|---|---|---|---|---|---|
r-devel-linux-x86_64-debian-clang | 1.0.6 | 71.49 | 31.40 | 102.89 | OK | |
r-devel-linux-x86_64-debian-gcc | 1.0.6 | 45.70 | 24.96 | 70.66 | OK | |
r-devel-linux-x86_64-fedora-clang | 1.0.6 | 204.57 | OK | |||
r-devel-linux-x86_64-fedora-gcc | 1.0.6 | 184.77 | OK | |||
r-devel-windows-x86_64 | 1.0.6 | 94.00 | 67.00 | 161.00 | OK | |
r-patched-linux-x86_64 | 1.0.6 | 76.13 | 28.55 | 104.68 | OK | |
r-release-linux-x86_64 | 1.0.6 | 75.77 | 28.64 | 104.41 | OK | |
r-release-macos-arm64 | 1.0.6 | 50.00 | OK | |||
r-release-macos-x86_64 | 1.0.6 | 78.00 | OK | |||
r-release-windows-x86_64 | 1.0.6 | 93.00 | 68.00 | 161.00 | OK | |
r-oldrel-macos-arm64 | 1.0.6 | 55.00 | NOTE | |||
r-oldrel-macos-x86_64 | 1.0.6 | 73.00 | NOTE | |||
r-oldrel-windows-x86_64 | 1.0.6 | 106.00 | 76.00 | 182.00 | OK |
Version: 1.0.6
Check: installed package size
Result: NOTE
installed size is 5.2Mb
sub-directories of 1Mb or more:
libs 5.0Mb
Flavors: r-oldrel-macos-arm64, r-oldrel-macos-x86_64
These binaries (installable software) and packages are in development.
They may not be fully stable and should be used with caution. We make no claims about them.