Last updated on 2025-06-30 23:50:02 CEST.
Flavor | Version | Tinstall | Tcheck | Ttotal | Status | Flags |
---|---|---|---|---|---|---|
r-devel-linux-x86_64-debian-clang | 1.0.6 | 68.97 | 29.87 | 98.84 | OK | |
r-devel-linux-x86_64-debian-gcc | 1.0.6 | 52.00 | 23.77 | 75.77 | OK | |
r-devel-linux-x86_64-fedora-clang | 1.0.6 | 202.69 | OK | |||
r-devel-linux-x86_64-fedora-gcc | 1.0.6 | 180.28 | OK | |||
r-devel-windows-x86_64 | 1.0.6 | 92.00 | 66.00 | 158.00 | OK | |
r-patched-linux-x86_64 | OK | |||||
r-release-linux-x86_64 | 1.0.6 | 68.83 | 27.04 | 95.87 | OK | |
r-release-macos-arm64 | 1.0.6 | 50.00 | OK | |||
r-release-macos-x86_64 | 1.0.6 | 78.00 | OK | |||
r-release-windows-x86_64 | 1.0.6 | 93.00 | 70.00 | 163.00 | OK | |
r-oldrel-macos-arm64 | 1.0.6 | 55.00 | NOTE | |||
r-oldrel-macos-x86_64 | 1.0.6 | 73.00 | NOTE | |||
r-oldrel-windows-x86_64 | 1.0.6 | 105.00 | 78.00 | 183.00 | OK |
Version: 1.0.6
Check: installed package size
Result: NOTE
installed size is 5.2Mb
sub-directories of 1Mb or more:
libs 5.0Mb
Flavors: r-oldrel-macos-arm64, r-oldrel-macos-x86_64
These binaries (installable software) and packages are in development.
They may not be fully stable and should be used with caution. We make no claims about them.