Last updated on 2025-05-01 14:49:23 CEST.
Flavor | Version | Tinstall | Tcheck | Ttotal | Status | Flags |
---|---|---|---|---|---|---|
r-devel-linux-x86_64-debian-clang | 1.3.0 | 12.04 | 151.16 | 163.20 | OK | |
r-devel-linux-x86_64-debian-gcc | 1.3.0 | 8.15 | 106.58 | 114.73 | OK | |
r-devel-linux-x86_64-fedora-clang | 1.3.0 | 250.56 | OK | |||
r-devel-linux-x86_64-fedora-gcc | 1.3.0 | 257.85 | OK | |||
r-devel-windows-x86_64 | 1.3.0 | 13.00 | 133.00 | 146.00 | OK | |
r-patched-linux-x86_64 | 1.3.0 | 10.86 | 142.19 | 153.05 | OK | |
r-release-linux-x86_64 | OK | |||||
r-release-macos-arm64 | 1.3.0 | 65.00 | OK | |||
r-release-macos-x86_64 | 1.3.0 | 115.00 | OK | |||
r-release-windows-x86_64 | 1.3.0 | 13.00 | 324.00 | 337.00 | OK | |
r-oldrel-macos-arm64 | 1.3.0 | 60.00 | NOTE | |||
r-oldrel-macos-x86_64 | 1.3.0 | 93.00 | NOTE | |||
r-oldrel-windows-x86_64 | 1.3.0 | 16.00 | 192.00 | 208.00 | NOTE |
Version: 1.3.0
Check: installed package size
Result: NOTE
installed size is 8.7Mb
sub-directories of 1Mb or more:
doc 8.2Mb
Flavors: r-oldrel-macos-arm64, r-oldrel-macos-x86_64, r-oldrel-windows-x86_64
These binaries (installable software) and packages are in development.
They may not be fully stable and should be used with caution. We make no claims about them.