Last updated on 2025-07-21 19:49:57 CEST.
Flavor | Version | Tinstall | Tcheck | Ttotal | Status | Flags |
---|---|---|---|---|---|---|
r-devel-linux-x86_64-debian-clang | 1.1 | 24.19 | 23.62 | 47.81 | NOTE | |
r-devel-linux-x86_64-debian-gcc | 1.1 | 16.07 | 19.34 | 35.41 | NOTE | |
r-devel-linux-x86_64-fedora-clang | 1.1 | 83.12 | NOTE | |||
r-devel-linux-x86_64-fedora-gcc | 1.1 | 74.14 | NOTE | |||
r-devel-windows-x86_64 | 1.1 | 25.00 | 61.00 | 86.00 | NOTE | |
r-patched-linux-x86_64 | 1.1 | 22.88 | 22.22 | 45.10 | NOTE | |
r-release-linux-x86_64 | 1.1 | 20.76 | 22.34 | 43.10 | NOTE | |
r-release-macos-arm64 | 1.1 | 26.00 | NOTE | |||
r-release-macos-x86_64 | 1.1 | 44.00 | NOTE | |||
r-release-windows-x86_64 | 1.1 | 25.00 | 64.00 | 89.00 | NOTE | |
r-oldrel-macos-arm64 | 1.1 | 25.00 | NOTE | |||
r-oldrel-macos-x86_64 | 1.1 | 37.00 | NOTE | |||
r-oldrel-windows-x86_64 | 1.1 | 32.00 | 75.00 | 107.00 | NOTE |
Version: 1.1
Check: C++ specification
Result: NOTE
Specified C++11: please drop specification unless essential
Flavors: r-devel-linux-x86_64-debian-clang, r-devel-linux-x86_64-debian-gcc, r-devel-linux-x86_64-fedora-clang, r-devel-linux-x86_64-fedora-gcc, r-devel-windows-x86_64, r-patched-linux-x86_64, r-release-linux-x86_64, r-release-macos-arm64, r-release-macos-x86_64, r-release-windows-x86_64, r-oldrel-macos-arm64, r-oldrel-macos-x86_64, r-oldrel-windows-x86_64
These binaries (installable software) and packages are in development.
They may not be fully stable and should be used with caution. We make no claims about them.