CRAN Package Check Results for Package Sstack

Last updated on 2025-10-03 11:51:03 CEST.

Flavor Version Tinstall Tcheck Ttotal Status Flags
r-devel-linux-x86_64-debian-clang 1.0.1 4.62 36.53 41.15 NOTE
r-devel-linux-x86_64-debian-gcc 1.0.1 2.99 27.22 30.21 NOTE
r-devel-linux-x86_64-fedora-clang 1.0.1 63.20 OK
r-devel-linux-x86_64-fedora-gcc 1.0.1 58.01 OK
r-devel-windows-x86_64 1.0.1 6.00 58.00 64.00 OK
r-patched-linux-x86_64 1.0.1 4.82 34.02 38.84 OK
r-release-linux-x86_64 1.0.1 4.49 33.66 38.15 OK
r-release-macos-arm64 1.0.1 25.00 OK
r-release-macos-x86_64 1.0.1 46.00 OK
r-release-windows-x86_64 1.0.1 6.00 56.00 62.00 OK
r-oldrel-macos-arm64 1.0.1 25.00 OK
r-oldrel-macos-x86_64 1.0.1 34.00 OK
r-oldrel-windows-x86_64 1.0.1 8.00 65.00 73.00 OK

Check Details

Version: 1.0.1
Check: CRAN incoming feasibility
Result: NOTE Maintainer: ‘Kevin Matlock <kevin.matlock@gmail.com>’ No Authors@R field in DESCRIPTION. Please add one, modifying Authors@R: c(person(given = "Kevin", family = "Matlock", role = c("aut", "cre"), email = "kevin.matlock@gmail.com"), person(given = "Raziur", family = "Rahman", role = "aut")) as necessary. Flavors: r-devel-linux-x86_64-debian-clang, r-devel-linux-x86_64-debian-gcc

These binaries (installable software) and packages are in development.
They may not be fully stable and should be used with caution. We make no claims about them.