Last updated on 2025-05-01 08:52:47 CEST.
Flavor | Version | Tinstall | Tcheck | Ttotal | Status | Flags |
---|---|---|---|---|---|---|
r-devel-linux-x86_64-debian-clang | 1.0.1 | 4.96 | 34.26 | 39.22 | NOTE | |
r-devel-linux-x86_64-debian-gcc | 1.0.1 | 2.97 | 26.54 | 29.51 | NOTE | |
r-devel-linux-x86_64-fedora-clang | 1.0.1 | 59.67 | OK | |||
r-devel-linux-x86_64-fedora-gcc | 1.0.1 | 57.77 | OK | |||
r-devel-windows-x86_64 | 1.0.1 | 5.00 | 55.00 | 60.00 | OK | |
r-patched-linux-x86_64 | 1.0.1 | 4.39 | 32.61 | 37.00 | OK | |
r-release-linux-x86_64 | OK | |||||
r-release-macos-arm64 | 1.0.1 | 25.00 | OK | |||
r-release-macos-x86_64 | 1.0.1 | 46.00 | OK | |||
r-release-windows-x86_64 | 1.0.1 | 5.00 | 57.00 | 62.00 | OK | |
r-oldrel-macos-arm64 | 1.0.1 | 25.00 | OK | |||
r-oldrel-macos-x86_64 | 1.0.1 | 34.00 | OK | |||
r-oldrel-windows-x86_64 | 1.0.1 | 6.00 | 62.00 | 68.00 | OK |
Version: 1.0.1
Check: CRAN incoming feasibility
Result: NOTE
Maintainer: ‘Kevin Matlock <kevin.matlock@gmail.com>’
No Authors@R field in DESCRIPTION.
Please add one, modifying
Authors@R: c(person(given = "Kevin",
family = "Matlock",
role = c("aut", "cre"),
email = "kevin.matlock@gmail.com"),
person(given = "Raziur",
family = "Rahman",
role = "aut"))
as necessary.
Flavors: r-devel-linux-x86_64-debian-clang, r-devel-linux-x86_64-debian-gcc
Version: 1.0.1
Check: examples
Result: NOTE
Examples with CPU (user + system) or elapsed time > 5s
user system elapsed
BSstack 0.491 0.024 5.475
Flavor: r-devel-linux-x86_64-debian-clang
These binaries (installable software) and packages are in development.
They may not be fully stable and should be used with caution. We make no claims about them.