Last updated on 2025-07-27 09:50:35 CEST.
Flavor | Version | Tinstall | Tcheck | Ttotal | Status | Flags |
---|---|---|---|---|---|---|
r-devel-linux-x86_64-debian-clang | 0.4.1 | 16.82 | 185.58 | 202.40 | NOTE | |
r-devel-linux-x86_64-debian-gcc | 0.4.1 | 11.10 | 131.22 | 142.32 | NOTE | |
r-devel-linux-x86_64-fedora-clang | 0.4.1 | 310.26 | OK | |||
r-devel-linux-x86_64-fedora-gcc | 0.4.1 | 312.12 | OK | |||
r-devel-windows-x86_64 | 0.4.1 | 18.00 | 219.00 | 237.00 | OK | |
r-patched-linux-x86_64 | 0.4.1 | 16.10 | 173.38 | 189.48 | OK | |
r-release-linux-x86_64 | 0.4.1 | 14.87 | 172.88 | 187.75 | OK | |
r-release-macos-arm64 | 0.4.1 | 109.00 | OK | |||
r-release-macos-x86_64 | 0.4.1 | 200.00 | OK | |||
r-release-windows-x86_64 | 0.4.1 | 20.00 | 216.00 | 236.00 | OK | |
r-oldrel-macos-arm64 | 0.4.1 | 97.00 | OK | |||
r-oldrel-macos-x86_64 | 0.4.1 | 151.00 | OK | |||
r-oldrel-windows-x86_64 | 0.4.1 | 24.00 | 353.00 | 377.00 | OK |
Version: 0.4.1
Check: CRAN incoming feasibility
Result: NOTE
Maintainer: ‘Andres Villegas <andresmauriciovillegas@gmail.com>’
No Authors@R field in DESCRIPTION.
Please add one, modifying
Authors@R: c(person(given = "Andres",
family = "Villegas",
role = c("aut", "cre"),
email = "andresmauriciovillegas@gmail.com"),
person(given = "Pietro",
family = "Millossovich",
role = "aut",
email = "Pietro.Millossovich.1@city.ac.uk"),
person(given = "Vladimir",
family = "Kaishev",
role = "aut",
email = "Vladimir.Kaishev.1@city.ac.uk"))
as necessary.
Found the following (possibly) invalid file URI:
URI: www.mortality.org
From: man/EWMaleData.Rd
Flavors: r-devel-linux-x86_64-debian-clang, r-devel-linux-x86_64-debian-gcc
These binaries (installable software) and packages are in development.
They may not be fully stable and should be used with caution. We make no claims about them.