CRAN Package Check Results for Package StMoMo

Last updated on 2025-02-19 16:51:06 CET.

Flavor Version Tinstall Tcheck Ttotal Status Flags
r-devel-linux-x86_64-debian-clang 0.4.1 14.62 175.79 190.41 OK
r-devel-linux-x86_64-debian-gcc 0.4.1 9.46 121.10 130.56 OK
r-devel-linux-x86_64-fedora-clang 0.4.1 319.19 OK
r-devel-linux-x86_64-fedora-gcc 0.4.1 325.59 OK
r-devel-macos-arm64 0.4.1 98.00 OK
r-devel-macos-x86_64 0.4.1 200.00 OK
r-devel-windows-x86_64 0.4.1 17.00 213.00 230.00 OK
r-patched-linux-x86_64 0.4.1 16.86 162.89 179.75 OK
r-release-linux-x86_64 0.4.1 13.51 161.10 174.61 OK
r-release-macos-arm64 0.4.1 97.00 OK
r-release-macos-x86_64 0.4.1 151.00 OK
r-release-windows-x86_64 0.4.1 17.00 216.00 233.00 OK
r-oldrel-macos-arm64 0.4.1 115.00 OK
r-oldrel-macos-x86_64 0.4.1 173.00 NOTE
r-oldrel-windows-x86_64 0.4.1 22.00 303.00 325.00 OK

Check Details

Version: 0.4.1
Check: re-building of vignette outputs
Result: NOTE Error(s) in re-building vignettes: ... --- re-building ‘StMoMoVignette.Rnw’ using Sweave Loading required package: gnm Loading required package: forecast Error: processing vignette 'StMoMoVignette.Rnw' failed with diagnostics: Running 'texi2dvi' on 'StMoMoVignette.tex' failed. LaTeX errors: ! LaTeX Error: File `ctable.sty' not found. Type X to quit or <RETURN> to proceed, or enter new name. (Default extension: sty) ! Emergency stop. <read *> l.7 \usepackage [caption = false]{subfig}^^M ! ==> Fatal error occurred, no output PDF file produced! --- failed re-building 'StMoMoVignette.Rnw' SUMMARY: processing the following file failed: 'StMoMoVignette.Rnw' Error: Vignette re-building failed. Execution halted Flavor: r-oldrel-macos-x86_64

These binaries (installable software) and packages are in development.
They may not be fully stable and should be used with caution. We make no claims about them.