CRAN Package Check Results for Package StMoMo

Last updated on 2025-10-23 15:50:14 CEST.

Flavor Version Tinstall Tcheck Ttotal Status Flags
r-devel-linux-x86_64-debian-clang 0.4.1 16.76 201.22 217.98 NOTE
r-devel-linux-x86_64-debian-gcc 0.4.1 12.37 140.03 152.40 NOTE
r-devel-linux-x86_64-fedora-clang 0.4.1 69.00 269.09 338.09 OK
r-devel-linux-x86_64-fedora-gcc 0.4.1 37.00 301.59 338.59 OK
r-devel-windows-x86_64 0.4.1 18.00 225.00 243.00 OK
r-patched-linux-x86_64 0.4.1 18.03 186.29 204.32 OK
r-release-linux-x86_64 0.4.1 17.44 186.71 204.15 OK
r-release-macos-arm64 0.4.1 8.00 101.00 109.00 OK
r-release-macos-x86_64 0.4.1 15.00 185.00 200.00 OK
r-release-windows-x86_64 0.4.1 19.00 244.00 263.00 OK
r-oldrel-macos-arm64 0.4.1 7.00 90.00 97.00 OK
r-oldrel-macos-x86_64 0.4.1 11.00 140.00 151.00 OK
r-oldrel-windows-x86_64 0.4.1 25.00 272.00 297.00 OK

Check Details

Version: 0.4.1
Check: CRAN incoming feasibility
Result: NOTE Maintainer: ‘Andres Villegas <andresmauriciovillegas@gmail.com>’ No Authors@R field in DESCRIPTION. Please add one, modifying Authors@R: c(person(given = "Andres", family = "Villegas", role = c("aut", "cre"), email = "andresmauriciovillegas@gmail.com"), person(given = "Pietro", family = "Millossovich", role = "aut", email = "Pietro.Millossovich.1@city.ac.uk"), person(given = "Vladimir", family = "Kaishev", role = "aut", email = "Vladimir.Kaishev.1@city.ac.uk")) as necessary. Found the following (possibly) invalid file URI: URI: www.mortality.org From: man/EWMaleData.Rd Flavors: r-devel-linux-x86_64-debian-clang, r-devel-linux-x86_64-debian-gcc

Version: 0.4.1
Check: HTML version of manual
Result: NOTE Found the following HTML validation problems: computeDevianceBinomial.html:58:1 (computeDevianceBinomial.Rd:16): Warning: missing </ul> before </div> computeDeviancePoisson.html:54:1 (computeDeviancePoisson.Rd:14): Warning: missing </ul> before </div> computeLogLikBinomial.html:58:1 (computeLogLikBinomial.Rd:16): Warning: missing </ul> before </div> computeLogLikPoisson.html:54:1 (computeLogLikPoisson.Rd:14): Warning: missing </ul> before </div> scatterplotAPC.html:79:1 (scatterplotAPC.Rd:29): Warning: missing </ul> before </div> simulate.iarima.html:62:1 (simulate.iarima.Rd:18): Warning: missing </ul> before </div> simulate.mrwd.html:62:1 (simulate.mrwd.Rd:18): Warning: missing </ul> before </div> Flavor: r-devel-linux-x86_64-debian-clang

These binaries (installable software) and packages are in development.
They may not be fully stable and should be used with caution. We make no claims about them.