Last updated on 2024-07-27 15:50:35 CEST.
Flavor | Version | Tinstall | Tcheck | Ttotal | Status | Flags |
---|---|---|---|---|---|---|
r-devel-linux-x86_64-debian-clang | 3.1.1 | 14.00 | 27.35 | 41.35 | NOTE | |
r-devel-linux-x86_64-debian-gcc | 3.1.1 | NOTE | ||||
r-devel-linux-x86_64-fedora-clang | 3.1.1 | 74.33 | NOTE | |||
r-devel-linux-x86_64-fedora-gcc | 3.1.1 | 56.27 | NOTE | |||
r-devel-windows-x86_64 | 3.1.1 | 16.00 | 58.00 | 74.00 | NOTE | |
r-patched-linux-x86_64 | 3.1.1 | NOTE | ||||
r-release-linux-x86_64 | 3.1.1 | 12.47 | 27.30 | 39.77 | NOTE | |
r-release-macos-arm64 | 3.1.1 | 22.00 | NOTE | |||
r-release-macos-x86_64 | 3.1.1 | 29.00 | NOTE | |||
r-release-windows-x86_64 | 3.1.1 | 20.00 | 63.00 | 83.00 | NOTE | |
r-oldrel-macos-arm64 | 3.1.1 | 24.00 | NOTE | |||
r-oldrel-macos-x86_64 | 3.1.1 | 36.00 | NOTE | |||
r-oldrel-windows-x86_64 | 3.1.1 | 15.00 | 70.00 | 85.00 | NOTE |
Version: 3.1.1
Check: C++ specification
Result: NOTE
Specified C++11: please drop specification unless essential
Flavors: r-devel-linux-x86_64-debian-clang, r-devel-linux-x86_64-debian-gcc, r-devel-linux-x86_64-fedora-clang, r-devel-linux-x86_64-fedora-gcc, r-devel-windows-x86_64, r-patched-linux-x86_64, r-release-linux-x86_64, r-release-macos-arm64, r-release-macos-x86_64, r-release-windows-x86_64, r-oldrel-macos-arm64, r-oldrel-macos-x86_64, r-oldrel-windows-x86_64
Version: 3.1.1
Check: for GNU extensions in Makefiles
Result: NOTE
GNU make is a SystemRequirements.
Flavors: r-devel-linux-x86_64-debian-clang, r-devel-linux-x86_64-debian-gcc, r-devel-linux-x86_64-fedora-clang, r-devel-linux-x86_64-fedora-gcc, r-devel-windows-x86_64, r-patched-linux-x86_64, r-release-linux-x86_64, r-release-macos-arm64, r-release-macos-x86_64, r-release-windows-x86_64, r-oldrel-macos-arm64, r-oldrel-macos-x86_64, r-oldrel-windows-x86_64
These binaries (installable software) and packages are in development.
They may not be fully stable and should be used with caution. We make no claims about them.