CRAN Package Check Results for Package StMoSim

Last updated on 2025-11-16 03:50:13 CET.

Flavor Version Tinstall Tcheck Ttotal Status Flags
r-devel-linux-x86_64-debian-clang 3.1.1 11.09 23.63 34.72 NOTE
r-devel-linux-x86_64-debian-gcc 3.1.1 7.94 19.54 27.48 NOTE
r-devel-linux-x86_64-fedora-clang 3.1.1 21.00 37.38 58.38 NOTE
r-devel-linux-x86_64-fedora-gcc 3.1.1 20.00 32.80 52.80 NOTE
r-devel-windows-x86_64 3.1.1 19.00 58.00 77.00 NOTE
r-patched-linux-x86_64 3.1.1 10.47 22.75 33.22 NOTE
r-release-linux-x86_64 3.1.1 10.90 22.99 33.89 NOTE
r-release-macos-arm64 3.1.1 7.00 17.00 24.00 NOTE
r-release-macos-x86_64 3.1.1 9.00 25.00 34.00 NOTE
r-release-windows-x86_64 3.1.1 15.00 60.00 75.00 NOTE
r-oldrel-macos-arm64 3.1.1 4.00 15.00 19.00 NOTE
r-oldrel-macos-x86_64 3.1.1 6.00 21.00 27.00 NOTE
r-oldrel-windows-x86_64 3.1.1 15.00 71.00 86.00 NOTE

Check Details

Version: 3.1.1
Check: CRAN incoming feasibility
Result: NOTE Maintainer: ‘Matthias Salvisberg <matthias.salvisberg@gmail.com>’ No Authors@R field in DESCRIPTION. Please add one, modifying Authors@R: person(given = "Matthias", family = "Salvisberg", role = c("aut", "cre"), email = "matthias.salvisberg@gmail.com") as necessary. Flavors: r-devel-linux-x86_64-debian-clang, r-devel-linux-x86_64-debian-gcc

Version: 3.1.1
Check: C++ specification
Result: NOTE Specified C++11: please drop specification unless essential Flavors: r-devel-linux-x86_64-debian-clang, r-devel-linux-x86_64-debian-gcc, r-devel-linux-x86_64-fedora-clang, r-devel-linux-x86_64-fedora-gcc, r-devel-windows-x86_64, r-patched-linux-x86_64, r-release-linux-x86_64, r-release-macos-arm64, r-release-macos-x86_64, r-release-windows-x86_64, r-oldrel-macos-arm64, r-oldrel-macos-x86_64, r-oldrel-windows-x86_64

Version: 3.1.1
Check: for GNU extensions in Makefiles
Result: NOTE GNU make is a SystemRequirements. Flavors: r-oldrel-macos-arm64, r-oldrel-macos-x86_64, r-oldrel-windows-x86_64

These binaries (installable software) and packages are in development.
They may not be fully stable and should be used with caution. We make no claims about them.