Last updated on 2025-05-01 22:49:57 CEST.
Flavor | Version | Tinstall | Tcheck | Ttotal | Status | Flags |
---|---|---|---|---|---|---|
r-devel-linux-x86_64-debian-clang | 3.1.1 | 11.32 | 22.32 | 33.64 | NOTE | |
r-devel-linux-x86_64-debian-gcc | 3.1.1 | 8.00 | 18.08 | 26.08 | NOTE | |
r-devel-linux-x86_64-fedora-clang | 3.1.1 | 57.87 | NOTE | |||
r-devel-linux-x86_64-fedora-gcc | 3.1.1 | 54.08 | NOTE | |||
r-devel-windows-x86_64 | 3.1.1 | 17.00 | 63.00 | 80.00 | NOTE | |
r-patched-linux-x86_64 | 3.1.1 | 10.50 | 21.62 | 32.12 | NOTE | |
r-release-linux-x86_64 | NOTE | |||||
r-release-macos-arm64 | 3.1.1 | 24.00 | NOTE | |||
r-release-macos-x86_64 | 3.1.1 | 34.00 | NOTE | |||
r-release-windows-x86_64 | 3.1.1 | 16.00 | 70.00 | 86.00 | NOTE | |
r-oldrel-macos-arm64 | 3.1.1 | 19.00 | NOTE | |||
r-oldrel-macos-x86_64 | 3.1.1 | 27.00 | NOTE | |||
r-oldrel-windows-x86_64 | 3.1.1 | 14.00 | 68.00 | 82.00 | NOTE |
Version: 3.1.1
Check: CRAN incoming feasibility
Result: NOTE
Maintainer: ‘Matthias Salvisberg <matthias.salvisberg@gmail.com>’
No Authors@R field in DESCRIPTION.
Please add one, modifying
Authors@R: person(given = "Matthias",
family = "Salvisberg",
role = c("aut", "cre"),
email = "matthias.salvisberg@gmail.com")
as necessary.
Flavors: r-devel-linux-x86_64-debian-clang, r-devel-linux-x86_64-debian-gcc
Version: 3.1.1
Check: C++ specification
Result: NOTE
Specified C++11: please drop specification unless essential
Flavors: r-devel-linux-x86_64-debian-clang, r-devel-linux-x86_64-debian-gcc, r-devel-linux-x86_64-fedora-clang, r-devel-linux-x86_64-fedora-gcc, r-devel-windows-x86_64, r-patched-linux-x86_64, r-release-linux-x86_64, r-release-macos-arm64, r-release-macos-x86_64, r-release-windows-x86_64, r-oldrel-macos-arm64, r-oldrel-macos-x86_64, r-oldrel-windows-x86_64
Version: 3.1.1
Check: for GNU extensions in Makefiles
Result: NOTE
GNU make is a SystemRequirements.
Flavors: r-oldrel-macos-arm64, r-oldrel-macos-x86_64, r-oldrel-windows-x86_64
These binaries (installable software) and packages are in development.
They may not be fully stable and should be used with caution. We make no claims about them.