Last updated on 2025-10-23 11:50:29 CEST.
Flavor | Version | Tinstall | Tcheck | Ttotal | Status | Flags |
---|---|---|---|---|---|---|
r-devel-linux-x86_64-debian-clang | 2.32.10 | 27.23 | 422.26 | 449.49 | OK | |
r-devel-linux-x86_64-debian-gcc | 2.32.10 | 23.64 | 290.55 | 314.19 | OK | |
r-devel-linux-x86_64-fedora-clang | 2.32.10 | 54.00 | 731.35 | 785.35 | OK | |
r-devel-linux-x86_64-fedora-gcc | 2.32.10 | 62.00 | 732.67 | 794.67 | OK | |
r-devel-windows-x86_64 | 2.32.10 | 64.00 | 723.00 | 787.00 | OK | |
r-patched-linux-x86_64 | 2.32.10 | 27.52 | 466.91 | 494.43 | OK | |
r-release-linux-x86_64 | 2.32.10 | 28.96 | 458.97 | 487.93 | OK | |
r-release-macos-arm64 | 2.32.10 | 17.00 | 177.00 | 194.00 | OK | |
r-release-macos-x86_64 | 2.32.10 | 14.00 | 407.00 | 421.00 | OK | |
r-release-windows-x86_64 | 2.32.10 | 66.00 | 627.00 | 693.00 | OK | |
r-oldrel-macos-arm64 | 2.32.10 | 7.00 | 91.00 | 98.00 | NOTE | |
r-oldrel-macos-x86_64 | 2.32.10 | 7.00 | 185.00 | 192.00 | NOTE | |
r-oldrel-windows-x86_64 | 2.32.10 | 82.00 | 707.00 | 789.00 | NOTE |
Version: 2.32.10
Check: installed package size
Result: NOTE
installed size is 17.0Mb
sub-directories of 1Mb or more:
include 11.7Mb
lib 3.3Mb
Flavors: r-oldrel-macos-arm64, r-oldrel-macos-x86_64, r-oldrel-windows-x86_64
Version: 2.32.10
Check: for GNU extensions in Makefiles
Result: NOTE
GNU make is a SystemRequirements.
Flavors: r-oldrel-macos-arm64, r-oldrel-macos-x86_64, r-oldrel-windows-x86_64
These binaries (installable software) and packages are in development.
They may not be fully stable and should be used with caution. We make no claims about them.