Last updated on 2025-05-21 21:49:32 CEST.
Flavor | Version | Tinstall | Tcheck | Ttotal | Status | Flags |
---|---|---|---|---|---|---|
r-devel-linux-x86_64-debian-clang | 2.32.10 | 31.09 | 428.75 | 459.84 | OK | |
r-devel-linux-x86_64-debian-gcc | 2.32.10 | 25.80 | 346.63 | 372.43 | OK | |
r-devel-linux-x86_64-fedora-clang | 2.32.10 | 768.79 | OK | |||
r-devel-linux-x86_64-fedora-gcc | 2.32.10 | 886.55 | OK | |||
r-devel-windows-x86_64 | 2.32.10 | 64.00 | 749.00 | 813.00 | OK | |
r-patched-linux-x86_64 | 2.32.10 | 31.54 | 445.47 | 477.01 | OK | |
r-release-linux-x86_64 | 2.32.10 | 32.82 | 464.34 | 497.16 | OK | |
r-release-macos-arm64 | 2.32.10 | 194.00 | OK | |||
r-release-macos-x86_64 | 2.32.10 | 421.00 | OK | |||
r-release-windows-x86_64 | 2.32.10 | 63.00 | 795.00 | 858.00 | OK | |
r-oldrel-macos-arm64 | 2.32.10 | 98.00 | NOTE | |||
r-oldrel-macos-x86_64 | 2.32.10 | 192.00 | NOTE | |||
r-oldrel-windows-x86_64 | 2.32.10 | 78.00 | 734.00 | 812.00 | NOTE |
Version: 2.32.10
Check: installed package size
Result: NOTE
installed size is 17.0Mb
sub-directories of 1Mb or more:
include 11.7Mb
lib 3.3Mb
Flavors: r-oldrel-macos-arm64, r-oldrel-macos-x86_64, r-oldrel-windows-x86_64
Version: 2.32.10
Check: for GNU extensions in Makefiles
Result: NOTE
GNU make is a SystemRequirements.
Flavors: r-oldrel-macos-arm64, r-oldrel-macos-x86_64, r-oldrel-windows-x86_64
These binaries (installable software) and packages are in development.
They may not be fully stable and should be used with caution. We make no claims about them.